{"id":2266,"date":"2025-10-31T12:31:27","date_gmt":"2025-10-31T12:31:27","guid":{"rendered":"https:\/\/www.lecentrefranco.ca\/les-instituts-du-centre-franco\/?post_type=ressources&#038;p=2266"},"modified":"2025-10-31T12:31:27","modified_gmt":"2025-10-31T12:31:27","slug":"les-ressources-incontournables-pour-le-cycle-primaire","status":"publish","type":"ressources","link":"https:\/\/www.lecentrefranco.ca\/les-instituts-du-centre-franco\/ressources\/les-ressources-incontournables-pour-le-cycle-primaire\/","title":{"rendered":"Les ressources incontournables pour le cycle primaire"},"content":{"rendered":"<p>Con\u00e7ue pour le personnel enseignant <strong>du cycle primaire<\/strong> en Ontario fran\u00e7ais, cette formation virtuelle met en lumi\u00e8re des ressources p\u00e9dagogiques essentielles qui transforment l\u2019enseignement et soutiennent concr\u00e8tement la r\u00e9ussite des \u00e9l\u00e8ves. Ces outils, cr\u00e9\u00e9s pr\u00e9cis\u00e9ment pour r\u00e9pondre aux r\u00e9alit\u00e9s du curriculum ontarien, sont \u00e0 la fois utiles, accessibles et hautement efficaces.<\/p>\n<p>Les participantes et les participants d\u00e9couvriront la fa\u00e7on d\u2019int\u00e9grer ces ressources dans leur planification quotidienne, tout en explorant des strat\u00e9gies d\u2019enseignement diff\u00e9renci\u00e9, collaboratif et ax\u00e9 sur les comp\u00e9tences. Une occasion \u00e0 ne pas manquer pour enrichir sa pratique \u00e0 l\u2019aide d\u2019outils \u00e9prouv\u00e9s et essentiels.<\/p>\n","protected":false},"featured_media":2029,"menu_order":0,"template":"single-ressources-ia25.php","format":"standard","meta":{"_acf_changed":false},"class_list":["post-2266","ressources","type-ressources","status-publish","format-standard","has-post-thumbnail","hentry","annees-85","saisons-automne"],"acf":[],"yoast_head":"<!-- This site is optimized with the Yoast SEO plugin v27.5 - https:\/\/yoast.com\/product\/yoast-seo-wordpress\/ -->\n<title>Les ressources incontournables pour le cycle primaire - Les Instituts du Centre franco<\/title>\n<meta name=\"robots\" content=\"index, follow, max-snippet:-1, max-image-preview:large, max-video-preview:-1\" \/>\n<link rel=\"canonical\" href=\"https:\/\/www.lecentrefranco.ca\/les-instituts-du-centre-franco\/ressources\/les-ressources-incontournables-pour-le-cycle-primaire\/\" \/>\n<meta property=\"og:locale\" content=\"fr_CA\" \/>\n<meta property=\"og:type\" content=\"article\" \/>\n<meta property=\"og:title\" content=\"Les ressources incontournables pour le cycle primaire - Les Instituts du Centre franco\" \/>\n<meta property=\"og:description\" content=\"Con\u00e7ue pour le personnel enseignant du cycle primaire en Ontario fran\u00e7ais, cette formation virtuelle met en lumi\u00e8re des ressources p\u00e9dagogiques essentielles qui transforment l\u2019enseignement et soutiennent concr\u00e8tement la r\u00e9ussite des \u00e9l\u00e8ves. Ces outils, cr\u00e9\u00e9s pr\u00e9cis\u00e9ment pour r\u00e9pondre aux r\u00e9alit\u00e9s du curriculum ontarien, sont \u00e0 la fois utiles, accessibles et hautement efficaces. Les participantes et les... Read more &raquo;\" \/>\n<meta property=\"og:url\" content=\"https:\/\/www.lecentrefranco.ca\/les-instituts-du-centre-franco\/ressources\/les-ressources-incontournables-pour-le-cycle-primaire\/\" \/>\n<meta property=\"og:site_name\" content=\"Les Instituts du Centre franco\" \/>\n<meta property=\"og:image\" content=\"http:\/\/www.lecentrefranco.ca\/les-instituts-du-centre-franco\/wp-content\/uploads\/sites\/19\/2025\/05\/5-cycle-primaire.webp\" \/>\n\t<meta property=\"og:image:width\" content=\"480\" \/>\n\t<meta property=\"og:image:height\" content=\"480\" \/>\n\t<meta property=\"og:image:type\" content=\"image\/webp\" \/>\n<meta name=\"twitter:card\" content=\"summary_large_image\" \/>\n<meta name=\"twitter:label1\" content=\"Estimation du temps de lecture\" \/>\n\t<meta name=\"twitter:data1\" content=\"1 minute\" \/>\n<script type=\"application\/ld+json\" class=\"yoast-schema-graph\">{\"@context\":\"https:\\\/\\\/schema.org\",\"@graph\":[{\"@type\":\"WebPage\",\"@id\":\"https:\\\/\\\/www.lecentrefranco.ca\\\/les-instituts-du-centre-franco\\\/ressources\\\/les-ressources-incontournables-pour-le-cycle-primaire\\\/\",\"url\":\"https:\\\/\\\/www.lecentrefranco.ca\\\/les-instituts-du-centre-franco\\\/ressources\\\/les-ressources-incontournables-pour-le-cycle-primaire\\\/\",\"name\":\"Les ressources incontournables pour le cycle primaire - Les Instituts du Centre franco\",\"isPartOf\":{\"@id\":\"https:\\\/\\\/www.lecentrefranco.ca\\\/les-instituts-du-centre-franco\\\/#website\"},\"primaryImageOfPage\":{\"@id\":\"https:\\\/\\\/www.lecentrefranco.ca\\\/les-instituts-du-centre-franco\\\/ressources\\\/les-ressources-incontournables-pour-le-cycle-primaire\\\/#primaryimage\"},\"image\":{\"@id\":\"https:\\\/\\\/www.lecentrefranco.ca\\\/les-instituts-du-centre-franco\\\/ressources\\\/les-ressources-incontournables-pour-le-cycle-primaire\\\/#primaryimage\"},\"thumbnailUrl\":\"https:\\\/\\\/www.lecentrefranco.ca\\\/les-instituts-du-centre-franco\\\/wp-content\\\/uploads\\\/sites\\\/19\\\/2025\\\/05\\\/5-cycle-primaire.webp\",\"datePublished\":\"2025-10-31T12:31:27+00:00\",\"breadcrumb\":{\"@id\":\"https:\\\/\\\/www.lecentrefranco.ca\\\/les-instituts-du-centre-franco\\\/ressources\\\/les-ressources-incontournables-pour-le-cycle-primaire\\\/#breadcrumb\"},\"inLanguage\":\"fr-CA\",\"potentialAction\":[{\"@type\":\"ReadAction\",\"target\":[\"https:\\\/\\\/www.lecentrefranco.ca\\\/les-instituts-du-centre-franco\\\/ressources\\\/les-ressources-incontournables-pour-le-cycle-primaire\\\/\"]}]},{\"@type\":\"ImageObject\",\"inLanguage\":\"fr-CA\",\"@id\":\"https:\\\/\\\/www.lecentrefranco.ca\\\/les-instituts-du-centre-franco\\\/ressources\\\/les-ressources-incontournables-pour-le-cycle-primaire\\\/#primaryimage\",\"url\":\"https:\\\/\\\/www.lecentrefranco.ca\\\/les-instituts-du-centre-franco\\\/wp-content\\\/uploads\\\/sites\\\/19\\\/2025\\\/05\\\/5-cycle-primaire.webp\",\"contentUrl\":\"https:\\\/\\\/www.lecentrefranco.ca\\\/les-instituts-du-centre-franco\\\/wp-content\\\/uploads\\\/sites\\\/19\\\/2025\\\/05\\\/5-cycle-primaire.webp\",\"width\":480,\"height\":480},{\"@type\":\"BreadcrumbList\",\"@id\":\"https:\\\/\\\/www.lecentrefranco.ca\\\/les-instituts-du-centre-franco\\\/ressources\\\/les-ressources-incontournables-pour-le-cycle-primaire\\\/#breadcrumb\",\"itemListElement\":[{\"@type\":\"ListItem\",\"position\":1,\"name\":\"Accueil\",\"item\":\"https:\\\/\\\/www.lecentrefranco.ca\\\/les-instituts-du-centre-franco\\\/\"},{\"@type\":\"ListItem\",\"position\":2,\"name\":\"Les ressources incontournables pour le cycle primaire\"}]},{\"@type\":\"WebSite\",\"@id\":\"https:\\\/\\\/www.lecentrefranco.ca\\\/les-instituts-du-centre-franco\\\/#website\",\"url\":\"https:\\\/\\\/www.lecentrefranco.ca\\\/les-instituts-du-centre-franco\\\/\",\"name\":\"Les Instituts du Centre franco\",\"description\":\"Un site utilisant Site Web du LCF\",\"publisher\":{\"@id\":\"https:\\\/\\\/www.lecentrefranco.ca\\\/les-instituts-du-centre-franco\\\/#organization\"},\"potentialAction\":[{\"@type\":\"SearchAction\",\"target\":{\"@type\":\"EntryPoint\",\"urlTemplate\":\"https:\\\/\\\/www.lecentrefranco.ca\\\/les-instituts-du-centre-franco\\\/?s={search_term_string}\"},\"query-input\":{\"@type\":\"PropertyValueSpecification\",\"valueRequired\":true,\"valueName\":\"search_term_string\"}}],\"inLanguage\":\"fr-CA\"},{\"@type\":\"Organization\",\"@id\":\"https:\\\/\\\/www.lecentrefranco.ca\\\/les-instituts-du-centre-franco\\\/#organization\",\"name\":\"Les Instituts du Centre franco\",\"url\":\"https:\\\/\\\/www.lecentrefranco.ca\\\/les-instituts-du-centre-franco\\\/\",\"logo\":{\"@type\":\"ImageObject\",\"inLanguage\":\"fr-CA\",\"@id\":\"https:\\\/\\\/www.lecentrefranco.ca\\\/les-instituts-du-centre-franco\\\/#\\\/schema\\\/logo\\\/image\\\/\",\"url\":\"https:\\\/\\\/www.lecentrefranco.ca\\\/les-instituts-du-centre-franco\\\/wp-content\\\/uploads\\\/sites\\\/19\\\/2021\\\/10\\\/vms-idcf-gen-.jpg\",\"contentUrl\":\"https:\\\/\\\/www.lecentrefranco.ca\\\/les-instituts-du-centre-franco\\\/wp-content\\\/uploads\\\/sites\\\/19\\\/2021\\\/10\\\/vms-idcf-gen-.jpg\",\"width\":1200,\"height\":630,\"caption\":\"Les Instituts du Centre franco\"},\"image\":{\"@id\":\"https:\\\/\\\/www.lecentrefranco.ca\\\/les-instituts-du-centre-franco\\\/#\\\/schema\\\/logo\\\/image\\\/\"}}]}<\/script>\n<!-- \/ Yoast SEO plugin. -->","yoast_head_json":{"title":"Les ressources incontournables pour le cycle primaire - Les Instituts du Centre franco","robots":{"index":"index","follow":"follow","max-snippet":"max-snippet:-1","max-image-preview":"max-image-preview:large","max-video-preview":"max-video-preview:-1"},"canonical":"https:\/\/www.lecentrefranco.ca\/les-instituts-du-centre-franco\/ressources\/les-ressources-incontournables-pour-le-cycle-primaire\/","og_locale":"fr_CA","og_type":"article","og_title":"Les ressources incontournables pour le cycle primaire - Les Instituts du Centre franco","og_description":"Con\u00e7ue pour le personnel enseignant du cycle primaire en Ontario fran\u00e7ais, cette formation virtuelle met en lumi\u00e8re des ressources p\u00e9dagogiques essentielles qui transforment l\u2019enseignement et soutiennent concr\u00e8tement la r\u00e9ussite des \u00e9l\u00e8ves. Ces outils, cr\u00e9\u00e9s pr\u00e9cis\u00e9ment pour r\u00e9pondre aux r\u00e9alit\u00e9s du curriculum ontarien, sont \u00e0 la fois utiles, accessibles et hautement efficaces. Les participantes et les... Read more &raquo;","og_url":"https:\/\/www.lecentrefranco.ca\/les-instituts-du-centre-franco\/ressources\/les-ressources-incontournables-pour-le-cycle-primaire\/","og_site_name":"Les Instituts du Centre franco","og_image":[{"width":480,"height":480,"url":"http:\/\/www.lecentrefranco.ca\/les-instituts-du-centre-franco\/wp-content\/uploads\/sites\/19\/2025\/05\/5-cycle-primaire.webp","type":"image\/webp"}],"twitter_card":"summary_large_image","twitter_misc":{"Estimation du temps de lecture":"1 minute"},"schema":{"@context":"https:\/\/schema.org","@graph":[{"@type":"WebPage","@id":"https:\/\/www.lecentrefranco.ca\/les-instituts-du-centre-franco\/ressources\/les-ressources-incontournables-pour-le-cycle-primaire\/","url":"https:\/\/www.lecentrefranco.ca\/les-instituts-du-centre-franco\/ressources\/les-ressources-incontournables-pour-le-cycle-primaire\/","name":"Les ressources incontournables pour le cycle primaire - Les Instituts du Centre franco","isPartOf":{"@id":"https:\/\/www.lecentrefranco.ca\/les-instituts-du-centre-franco\/#website"},"primaryImageOfPage":{"@id":"https:\/\/www.lecentrefranco.ca\/les-instituts-du-centre-franco\/ressources\/les-ressources-incontournables-pour-le-cycle-primaire\/#primaryimage"},"image":{"@id":"https:\/\/www.lecentrefranco.ca\/les-instituts-du-centre-franco\/ressources\/les-ressources-incontournables-pour-le-cycle-primaire\/#primaryimage"},"thumbnailUrl":"https:\/\/www.lecentrefranco.ca\/les-instituts-du-centre-franco\/wp-content\/uploads\/sites\/19\/2025\/05\/5-cycle-primaire.webp","datePublished":"2025-10-31T12:31:27+00:00","breadcrumb":{"@id":"https:\/\/www.lecentrefranco.ca\/les-instituts-du-centre-franco\/ressources\/les-ressources-incontournables-pour-le-cycle-primaire\/#breadcrumb"},"inLanguage":"fr-CA","potentialAction":[{"@type":"ReadAction","target":["https:\/\/www.lecentrefranco.ca\/les-instituts-du-centre-franco\/ressources\/les-ressources-incontournables-pour-le-cycle-primaire\/"]}]},{"@type":"ImageObject","inLanguage":"fr-CA","@id":"https:\/\/www.lecentrefranco.ca\/les-instituts-du-centre-franco\/ressources\/les-ressources-incontournables-pour-le-cycle-primaire\/#primaryimage","url":"https:\/\/www.lecentrefranco.ca\/les-instituts-du-centre-franco\/wp-content\/uploads\/sites\/19\/2025\/05\/5-cycle-primaire.webp","contentUrl":"https:\/\/www.lecentrefranco.ca\/les-instituts-du-centre-franco\/wp-content\/uploads\/sites\/19\/2025\/05\/5-cycle-primaire.webp","width":480,"height":480},{"@type":"BreadcrumbList","@id":"https:\/\/www.lecentrefranco.ca\/les-instituts-du-centre-franco\/ressources\/les-ressources-incontournables-pour-le-cycle-primaire\/#breadcrumb","itemListElement":[{"@type":"ListItem","position":1,"name":"Accueil","item":"https:\/\/www.lecentrefranco.ca\/les-instituts-du-centre-franco\/"},{"@type":"ListItem","position":2,"name":"Les ressources incontournables pour le cycle primaire"}]},{"@type":"WebSite","@id":"https:\/\/www.lecentrefranco.ca\/les-instituts-du-centre-franco\/#website","url":"https:\/\/www.lecentrefranco.ca\/les-instituts-du-centre-franco\/","name":"Les Instituts du Centre franco","description":"Un site utilisant Site Web du LCF","publisher":{"@id":"https:\/\/www.lecentrefranco.ca\/les-instituts-du-centre-franco\/#organization"},"potentialAction":[{"@type":"SearchAction","target":{"@type":"EntryPoint","urlTemplate":"https:\/\/www.lecentrefranco.ca\/les-instituts-du-centre-franco\/?s={search_term_string}"},"query-input":{"@type":"PropertyValueSpecification","valueRequired":true,"valueName":"search_term_string"}}],"inLanguage":"fr-CA"},{"@type":"Organization","@id":"https:\/\/www.lecentrefranco.ca\/les-instituts-du-centre-franco\/#organization","name":"Les Instituts du Centre franco","url":"https:\/\/www.lecentrefranco.ca\/les-instituts-du-centre-franco\/","logo":{"@type":"ImageObject","inLanguage":"fr-CA","@id":"https:\/\/www.lecentrefranco.ca\/les-instituts-du-centre-franco\/#\/schema\/logo\/image\/","url":"https:\/\/www.lecentrefranco.ca\/les-instituts-du-centre-franco\/wp-content\/uploads\/sites\/19\/2021\/10\/vms-idcf-gen-.jpg","contentUrl":"https:\/\/www.lecentrefranco.ca\/les-instituts-du-centre-franco\/wp-content\/uploads\/sites\/19\/2021\/10\/vms-idcf-gen-.jpg","width":1200,"height":630,"caption":"Les Instituts du Centre franco"},"image":{"@id":"https:\/\/www.lecentrefranco.ca\/les-instituts-du-centre-franco\/#\/schema\/logo\/image\/"}}]}},"_links":{"self":[{"href":"https:\/\/www.lecentrefranco.ca\/les-instituts-du-centre-franco\/wp-json\/wp\/v2\/ressources\/2266","targetHints":{"allow":["GET"]}}],"collection":[{"href":"https:\/\/www.lecentrefranco.ca\/les-instituts-du-centre-franco\/wp-json\/wp\/v2\/ressources"}],"about":[{"href":"https:\/\/www.lecentrefranco.ca\/les-instituts-du-centre-franco\/wp-json\/wp\/v2\/types\/ressources"}],"wp:featuredmedia":[{"embeddable":true,"href":"https:\/\/www.lecentrefranco.ca\/les-instituts-du-centre-franco\/wp-json\/wp\/v2\/media\/2029"}],"wp:attachment":[{"href":"https:\/\/www.lecentrefranco.ca\/les-instituts-du-centre-franco\/wp-json\/wp\/v2\/media?parent=2266"}],"curies":[{"name":"wp","href":"https:\/\/api.w.org\/{rel}","templated":true}]}}

<p>Conçue pour le personnel enseignant <strong>du cycle primaire</strong> en Ontario français, cette formation virtuelle met en lumière des ressources pédagogiques essentielles qui transforment l’enseignement et soutiennent concrètement la réussite des élèves. Ces outils, créés précisément pour répondre aux réalités du curriculum ontarien, sont à la fois utiles, accessibles et hautement efficaces.</p>
<p>Les participantes et les participants découvriront la façon d’intégrer ces ressources dans leur planification quotidienne, tout en explorant des stratégies d’enseignement différencié, collaboratif et axé sur les compétences. Une occasion à ne pas manquer pour enrichir sa pratique à l’aide d’outils éprouvés et essentiels.</p>

<!-- This site is optimized with the Yoast SEO plugin v27.5 - https://yoast.com/product/yoast-seo-wordpress/ -->
<title>Les ressources incontournables pour le cycle primaire - Les Instituts du Centre franco</title>
<meta name="robots" content="index, follow, max-snippet:-1, max-image-preview:large, max-video-preview:-1" />
<link rel="canonical" href="https://www.lecentrefranco.ca/les-instituts-du-centre-franco/ressources/les-ressources-incontournables-pour-le-cycle-primaire/" />
<meta property="og:locale" content="fr_CA" />
<meta property="og:type" content="article" />
<meta property="og:title" content="Les ressources incontournables pour le cycle primaire - Les Instituts du Centre franco" />
<meta property="og:description" content="Conçue pour le personnel enseignant du cycle primaire en Ontario français, cette formation virtuelle met en lumière des ressources pédagogiques essentielles qui transforment l’enseignement et soutiennent concrètement la réussite des élèves. Ces outils, créés précisément pour répondre aux réalités du curriculum ontarien, sont à la fois utiles, accessibles et hautement efficaces. Les participantes et les... Read more &raquo;" />
<meta property="og:url" content="https://www.lecentrefranco.ca/les-instituts-du-centre-franco/ressources/les-ressources-incontournables-pour-le-cycle-primaire/" />
<meta property="og:site_name" content="Les Instituts du Centre franco" />
<meta property="og:image" content="http://www.lecentrefranco.ca/les-instituts-du-centre-franco/wp-content/uploads/sites/19/2025/05/5-cycle-primaire.webp" />
	<meta property="og:image:width" content="480" />
	<meta property="og:image:height" content="480" />
	<meta property="og:image:type" content="image/webp" />
<meta name="twitter:card" content="summary_large_image" />
<meta name="twitter:label1" content="Estimation du temps de lecture" />
	<meta name="twitter:data1" content="1 minute" />
<script type="application/ld+json" class="yoast-schema-graph">{"@context":"https:\/\/schema.org","@graph":[{"@type":"WebPage","@id":"https:\/\/www.lecentrefranco.ca\/les-instituts-du-centre-franco\/ressources\/les-ressources-incontournables-pour-le-cycle-primaire\/","url":"https:\/\/www.lecentrefranco.ca\/les-instituts-du-centre-franco\/ressources\/les-ressources-incontournables-pour-le-cycle-primaire\/","name":"Les ressources incontournables pour le cycle primaire - Les Instituts du Centre franco","isPartOf":{"@id":"https:\/\/www.lecentrefranco.ca\/les-instituts-du-centre-franco\/#website"},"primaryImageOfPage":{"@id":"https:\/\/www.lecentrefranco.ca\/les-instituts-du-centre-franco\/ressources\/les-ressources-incontournables-pour-le-cycle-primaire\/#primaryimage"},"image":{"@id":"https:\/\/www.lecentrefranco.ca\/les-instituts-du-centre-franco\/ressources\/les-ressources-incontournables-pour-le-cycle-primaire\/#primaryimage"},"thumbnailUrl":"https:\/\/www.lecentrefranco.ca\/les-instituts-du-centre-franco\/wp-content\/uploads\/sites\/19\/2025\/05\/5-cycle-primaire.webp","datePublished":"2025-10-31T12:31:27+00:00","breadcrumb":{"@id":"https:\/\/www.lecentrefranco.ca\/les-instituts-du-centre-franco\/ressources\/les-ressources-incontournables-pour-le-cycle-primaire\/#breadcrumb"},"inLanguage":"fr-CA","potentialAction":[{"@type":"ReadAction","target":["https:\/\/www.lecentrefranco.ca\/les-instituts-du-centre-franco\/ressources\/les-ressources-incontournables-pour-le-cycle-primaire\/"]}]},{"@type":"ImageObject","inLanguage":"fr-CA","@id":"https:\/\/www.lecentrefranco.ca\/les-instituts-du-centre-franco\/ressources\/les-ressources-incontournables-pour-le-cycle-primaire\/#primaryimage","url":"https:\/\/www.lecentrefranco.ca\/les-instituts-du-centre-franco\/wp-content\/uploads\/sites\/19\/2025\/05\/5-cycle-primaire.webp","contentUrl":"https:\/\/www.lecentrefranco.ca\/les-instituts-du-centre-franco\/wp-content\/uploads\/sites\/19\/2025\/05\/5-cycle-primaire.webp","width":480,"height":480},{"@type":"BreadcrumbList","@id":"https:\/\/www.lecentrefranco.ca\/les-instituts-du-centre-franco\/ressources\/les-ressources-incontournables-pour-le-cycle-primaire\/#breadcrumb","itemListElement":[{"@type":"ListItem","position":1,"name":"Accueil","item":"https:\/\/www.lecentrefranco.ca\/les-instituts-du-centre-franco\/"},{"@type":"ListItem","position":2,"name":"Les ressources incontournables pour le cycle primaire"}]},{"@type":"WebSite","@id":"https:\/\/www.lecentrefranco.ca\/les-instituts-du-centre-franco\/#website","url":"https:\/\/www.lecentrefranco.ca\/les-instituts-du-centre-franco\/","name":"Les Instituts du Centre franco","description":"Un site utilisant Site Web du LCF","publisher":{"@id":"https:\/\/www.lecentrefranco.ca\/les-instituts-du-centre-franco\/#organization"},"potentialAction":[{"@type":"SearchAction","target":{"@type":"EntryPoint","urlTemplate":"https:\/\/www.lecentrefranco.ca\/les-instituts-du-centre-franco\/?s={search_term_string}"},"query-input":{"@type":"PropertyValueSpecification","valueRequired":true,"valueName":"search_term_string"}}],"inLanguage":"fr-CA"},{"@type":"Organization","@id":"https:\/\/www.lecentrefranco.ca\/les-instituts-du-centre-franco\/#organization","name":"Les Instituts du Centre franco","url":"https:\/\/www.lecentrefranco.ca\/les-instituts-du-centre-franco\/","logo":{"@type":"ImageObject","inLanguage":"fr-CA","@id":"https:\/\/www.lecentrefranco.ca\/les-instituts-du-centre-franco\/#\/schema\/logo\/image\/","url":"https:\/\/www.lecentrefranco.ca\/les-instituts-du-centre-franco\/wp-content\/uploads\/sites\/19\/2021\/10\/vms-idcf-gen-.jpg","contentUrl":"https:\/\/www.lecentrefranco.ca\/les-instituts-du-centre-franco\/wp-content\/uploads\/sites\/19\/2021\/10\/vms-idcf-gen-.jpg","width":1200,"height":630,"caption":"Les Instituts du Centre franco"},"image":{"@id":"https:\/\/www.lecentrefranco.ca\/les-instituts-du-centre-franco\/#\/schema\/logo\/image\/"}}]}</script>
<!-- / Yoast SEO plugin. -->

Conçue pour le personnel enseignant du cycle primaire en Ontario français, cette formation virtuelle met en lumière des ressources pédagogiques essentielles qui transforment l’enseignement et soutiennent concrètement la réussite des élèves. Ces outils, créés précisément pour répondre aux réalités du curriculum ontarien, sont à la fois utiles, accessibles et hautement efficaces. Les participantes et les... Read more &raquo;
