{"id":2,"date":"2021-08-31T11:23:44","date_gmt":"2021-08-31T11:23:44","guid":{"rendered":"https:\/\/www.lecentrefranco.ca\/les-instituts-du-centre-franco\/?page_id=2"},"modified":"2026-02-27T14:23:38","modified_gmt":"2026-02-27T14:23:38","slug":"accueil","status":"publish","type":"page","link":"https:\/\/www.lecentrefranco.ca\/les-instituts-du-centre-franco\/","title":{"rendered":"Les Instituts du Centre franco"},"content":{"rendered":"\r\n<p>Ibus maionse ndament la nim anducid undant, quae verum quatureperi dolutet repelen iminvelectus elendi iminvendam, si reicae comnist, nobis ad maximaio. Dam a alis doluptias dolupti assimil elis nim ullorem lab ipit, od modi asit, qui reniet porum repudan duntianis rem venis unt quia aut aut quia!<\/p>\r\n","protected":false},"excerpt":{"rendered":"<p>Ibus maionse ndament la nim anducid undant, quae verum quatureperi dolutet repelen iminvelectus elendi iminvendam, si reicae comnist, nobis ad maximaio. Dam a alis doluptias dolupti assimil elis nim ullorem lab ipit, od modi asit, qui reniet porum repudan duntianis rem venis unt quia aut aut quia!<\/p>\n","protected":false},"author":4,"featured_media":0,"parent":0,"menu_order":0,"comment_status":"closed","ping_status":"open","template":"page-acc-idcf.php","meta":{"_acf_changed":false,"footnotes":""},"class_list":["post-2","page","type-page","status-publish","hentry"],"acf":[],"yoast_head":"<!-- This site is optimized with the Yoast SEO plugin v27.5 - https:\/\/yoast.com\/product\/yoast-seo-wordpress\/ -->\n<title>Les Instituts du Centre franco - Les Instituts du Centre franco<\/title>\n<meta name=\"description\" content=\"Mettez en pratique vos connaissances li\u00e9es \u00e0 l\u2019actualit\u00e9 dans votre salle de classe. Les formations virtuelles des Instituts du Centre franco sont offertes par des sp\u00e9cialistes du milieu de l\u2019\u00e9ducation trois fois par ann\u00e9e (automne, hiver et \u00e9t\u00e9), puis, en parall\u00e8le, nous vous proposons de suivre nos Instituts en continu tout le long de l\u2019ann\u00e9e scolaire.\" \/>\n<meta name=\"robots\" content=\"index, follow, max-snippet:-1, max-image-preview:large, max-video-preview:-1\" \/>\n<link rel=\"canonical\" href=\"https:\/\/www.lecentrefranco.ca\/les-instituts-du-centre-franco\/\" \/>\n<meta property=\"og:locale\" content=\"fr_CA\" \/>\n<meta property=\"og:type\" content=\"article\" \/>\n<meta property=\"og:title\" content=\"Les Instituts du Centre franco - Les Instituts du Centre franco\" \/>\n<meta property=\"og:description\" content=\"Mettez en pratique vos connaissances li\u00e9es \u00e0 l\u2019actualit\u00e9 dans votre salle de classe. Les formations virtuelles des Instituts du Centre franco sont offertes par des sp\u00e9cialistes du milieu de l\u2019\u00e9ducation trois fois par ann\u00e9e (automne, hiver et \u00e9t\u00e9), puis, en parall\u00e8le, nous vous proposons de suivre nos Instituts en continu tout le long de l\u2019ann\u00e9e scolaire.\" \/>\n<meta property=\"og:url\" content=\"https:\/\/www.lecentrefranco.ca\/les-instituts-du-centre-franco\/\" \/>\n<meta property=\"og:site_name\" content=\"Les Instituts du Centre franco\" \/>\n<meta property=\"article:modified_time\" content=\"2026-02-27T14:23:38+00:00\" \/>\n<meta property=\"og:image\" content=\"http:\/\/www.lecentrefranco.ca\/les-instituts-du-centre-franco\/wp-content\/uploads\/sites\/19\/2021\/10\/vms-idcf-gen-.jpg\" \/>\n\t<meta property=\"og:image:width\" content=\"1200\" \/>\n\t<meta property=\"og:image:height\" content=\"630\" \/>\n\t<meta property=\"og:image:type\" content=\"image\/jpeg\" \/>\n<meta name=\"twitter:card\" content=\"summary_large_image\" \/>\n<meta name=\"twitter:image\" content=\"https:\/\/www.lecentrefranco.ca\/les-instituts-du-centre-franco\/wp-content\/uploads\/sites\/19\/2021\/10\/vms-idcf-gen-.jpg\" \/>\n<meta name=\"twitter:label1\" content=\"Estimation du temps de lecture\" \/>\n\t<meta name=\"twitter:data1\" content=\"1 minute\" \/>\n<script type=\"application\/ld+json\" class=\"yoast-schema-graph\">{\"@context\":\"https:\\\/\\\/schema.org\",\"@graph\":[{\"@type\":\"WebPage\",\"@id\":\"https:\\\/\\\/www.lecentrefranco.ca\\\/les-instituts-du-centre-franco\\\/\",\"url\":\"https:\\\/\\\/www.lecentrefranco.ca\\\/les-instituts-du-centre-franco\\\/\",\"name\":\"Les Instituts du Centre franco - Les Instituts du Centre franco\",\"isPartOf\":{\"@id\":\"https:\\\/\\\/www.lecentrefranco.ca\\\/les-instituts-du-centre-franco\\\/#website\"},\"datePublished\":\"2021-08-31T11:23:44+00:00\",\"dateModified\":\"2026-02-27T14:23:38+00:00\",\"description\":\"Mettez en pratique vos connaissances li\u00e9es \u00e0 l\u2019actualit\u00e9 dans votre salle de classe. Les formations virtuelles des Instituts du Centre franco sont offertes par des sp\u00e9cialistes du milieu de l\u2019\u00e9ducation trois fois par ann\u00e9e (automne, hiver et \u00e9t\u00e9), puis, en parall\u00e8le, nous vous proposons de suivre nos Instituts en continu tout le long de l\u2019ann\u00e9e scolaire.\",\"breadcrumb\":{\"@id\":\"https:\\\/\\\/www.lecentrefranco.ca\\\/les-instituts-du-centre-franco\\\/#breadcrumb\"},\"inLanguage\":\"fr-CA\",\"potentialAction\":[{\"@type\":\"ReadAction\",\"target\":[\"https:\\\/\\\/www.lecentrefranco.ca\\\/les-instituts-du-centre-franco\\\/\"]}]},{\"@type\":\"BreadcrumbList\",\"@id\":\"https:\\\/\\\/www.lecentrefranco.ca\\\/les-instituts-du-centre-franco\\\/#breadcrumb\",\"itemListElement\":[{\"@type\":\"ListItem\",\"position\":1,\"name\":\"Accueil\",\"item\":\"https:\\\/\\\/www.lecentrefranco.ca\\\/les-instituts-du-centre-franco\\\/\"},{\"@type\":\"ListItem\",\"position\":2,\"name\":\"Les Instituts du Centre franco\"}]},{\"@type\":\"WebSite\",\"@id\":\"https:\\\/\\\/www.lecentrefranco.ca\\\/les-instituts-du-centre-franco\\\/#website\",\"url\":\"https:\\\/\\\/www.lecentrefranco.ca\\\/les-instituts-du-centre-franco\\\/\",\"name\":\"Les Instituts du Centre franco\",\"description\":\"Un site utilisant Site Web du LCF\",\"publisher\":{\"@id\":\"https:\\\/\\\/www.lecentrefranco.ca\\\/les-instituts-du-centre-franco\\\/#organization\"},\"potentialAction\":[{\"@type\":\"SearchAction\",\"target\":{\"@type\":\"EntryPoint\",\"urlTemplate\":\"https:\\\/\\\/www.lecentrefranco.ca\\\/les-instituts-du-centre-franco\\\/?s={search_term_string}\"},\"query-input\":{\"@type\":\"PropertyValueSpecification\",\"valueRequired\":true,\"valueName\":\"search_term_string\"}}],\"inLanguage\":\"fr-CA\"},{\"@type\":\"Organization\",\"@id\":\"https:\\\/\\\/www.lecentrefranco.ca\\\/les-instituts-du-centre-franco\\\/#organization\",\"name\":\"Les Instituts du Centre franco\",\"url\":\"https:\\\/\\\/www.lecentrefranco.ca\\\/les-instituts-du-centre-franco\\\/\",\"logo\":{\"@type\":\"ImageObject\",\"inLanguage\":\"fr-CA\",\"@id\":\"https:\\\/\\\/www.lecentrefranco.ca\\\/les-instituts-du-centre-franco\\\/#\\\/schema\\\/logo\\\/image\\\/\",\"url\":\"https:\\\/\\\/www.lecentrefranco.ca\\\/les-instituts-du-centre-franco\\\/wp-content\\\/uploads\\\/sites\\\/19\\\/2021\\\/10\\\/vms-idcf-gen-.jpg\",\"contentUrl\":\"https:\\\/\\\/www.lecentrefranco.ca\\\/les-instituts-du-centre-franco\\\/wp-content\\\/uploads\\\/sites\\\/19\\\/2021\\\/10\\\/vms-idcf-gen-.jpg\",\"width\":1200,\"height\":630,\"caption\":\"Les Instituts du Centre franco\"},\"image\":{\"@id\":\"https:\\\/\\\/www.lecentrefranco.ca\\\/les-instituts-du-centre-franco\\\/#\\\/schema\\\/logo\\\/image\\\/\"}}]}<\/script>\n<!-- \/ Yoast SEO plugin. -->","yoast_head_json":{"title":"Les Instituts du Centre franco - Les Instituts du Centre franco","description":"Mettez en pratique vos connaissances li\u00e9es \u00e0 l\u2019actualit\u00e9 dans votre salle de classe. Les formations virtuelles des Instituts du Centre franco sont offertes par des sp\u00e9cialistes du milieu de l\u2019\u00e9ducation trois fois par ann\u00e9e (automne, hiver et \u00e9t\u00e9), puis, en parall\u00e8le, nous vous proposons de suivre nos Instituts en continu tout le long de l\u2019ann\u00e9e scolaire.","robots":{"index":"index","follow":"follow","max-snippet":"max-snippet:-1","max-image-preview":"max-image-preview:large","max-video-preview":"max-video-preview:-1"},"canonical":"https:\/\/www.lecentrefranco.ca\/les-instituts-du-centre-franco\/","og_locale":"fr_CA","og_type":"article","og_title":"Les Instituts du Centre franco - Les Instituts du Centre franco","og_description":"Mettez en pratique vos connaissances li\u00e9es \u00e0 l\u2019actualit\u00e9 dans votre salle de classe. Les formations virtuelles des Instituts du Centre franco sont offertes par des sp\u00e9cialistes du milieu de l\u2019\u00e9ducation trois fois par ann\u00e9e (automne, hiver et \u00e9t\u00e9), puis, en parall\u00e8le, nous vous proposons de suivre nos Instituts en continu tout le long de l\u2019ann\u00e9e scolaire.","og_url":"https:\/\/www.lecentrefranco.ca\/les-instituts-du-centre-franco\/","og_site_name":"Les Instituts du Centre franco","article_modified_time":"2026-02-27T14:23:38+00:00","og_image":[{"width":1200,"height":630,"url":"http:\/\/www.lecentrefranco.ca\/les-instituts-du-centre-franco\/wp-content\/uploads\/sites\/19\/2021\/10\/vms-idcf-gen-.jpg","type":"image\/jpeg"}],"twitter_card":"summary_large_image","twitter_image":"https:\/\/www.lecentrefranco.ca\/les-instituts-du-centre-franco\/wp-content\/uploads\/sites\/19\/2021\/10\/vms-idcf-gen-.jpg","twitter_misc":{"Estimation du temps de lecture":"1 minute"},"schema":{"@context":"https:\/\/schema.org","@graph":[{"@type":"WebPage","@id":"https:\/\/www.lecentrefranco.ca\/les-instituts-du-centre-franco\/","url":"https:\/\/www.lecentrefranco.ca\/les-instituts-du-centre-franco\/","name":"Les Instituts du Centre franco - Les Instituts du Centre franco","isPartOf":{"@id":"https:\/\/www.lecentrefranco.ca\/les-instituts-du-centre-franco\/#website"},"datePublished":"2021-08-31T11:23:44+00:00","dateModified":"2026-02-27T14:23:38+00:00","description":"Mettez en pratique vos connaissances li\u00e9es \u00e0 l\u2019actualit\u00e9 dans votre salle de classe. Les formations virtuelles des Instituts du Centre franco sont offertes par des sp\u00e9cialistes du milieu de l\u2019\u00e9ducation trois fois par ann\u00e9e (automne, hiver et \u00e9t\u00e9), puis, en parall\u00e8le, nous vous proposons de suivre nos Instituts en continu tout le long de l\u2019ann\u00e9e scolaire.","breadcrumb":{"@id":"https:\/\/www.lecentrefranco.ca\/les-instituts-du-centre-franco\/#breadcrumb"},"inLanguage":"fr-CA","potentialAction":[{"@type":"ReadAction","target":["https:\/\/www.lecentrefranco.ca\/les-instituts-du-centre-franco\/"]}]},{"@type":"BreadcrumbList","@id":"https:\/\/www.lecentrefranco.ca\/les-instituts-du-centre-franco\/#breadcrumb","itemListElement":[{"@type":"ListItem","position":1,"name":"Accueil","item":"https:\/\/www.lecentrefranco.ca\/les-instituts-du-centre-franco\/"},{"@type":"ListItem","position":2,"name":"Les Instituts du Centre franco"}]},{"@type":"WebSite","@id":"https:\/\/www.lecentrefranco.ca\/les-instituts-du-centre-franco\/#website","url":"https:\/\/www.lecentrefranco.ca\/les-instituts-du-centre-franco\/","name":"Les Instituts du Centre franco","description":"Un site utilisant Site Web du LCF","publisher":{"@id":"https:\/\/www.lecentrefranco.ca\/les-instituts-du-centre-franco\/#organization"},"potentialAction":[{"@type":"SearchAction","target":{"@type":"EntryPoint","urlTemplate":"https:\/\/www.lecentrefranco.ca\/les-instituts-du-centre-franco\/?s={search_term_string}"},"query-input":{"@type":"PropertyValueSpecification","valueRequired":true,"valueName":"search_term_string"}}],"inLanguage":"fr-CA"},{"@type":"Organization","@id":"https:\/\/www.lecentrefranco.ca\/les-instituts-du-centre-franco\/#organization","name":"Les Instituts du Centre franco","url":"https:\/\/www.lecentrefranco.ca\/les-instituts-du-centre-franco\/","logo":{"@type":"ImageObject","inLanguage":"fr-CA","@id":"https:\/\/www.lecentrefranco.ca\/les-instituts-du-centre-franco\/#\/schema\/logo\/image\/","url":"https:\/\/www.lecentrefranco.ca\/les-instituts-du-centre-franco\/wp-content\/uploads\/sites\/19\/2021\/10\/vms-idcf-gen-.jpg","contentUrl":"https:\/\/www.lecentrefranco.ca\/les-instituts-du-centre-franco\/wp-content\/uploads\/sites\/19\/2021\/10\/vms-idcf-gen-.jpg","width":1200,"height":630,"caption":"Les Instituts du Centre franco"},"image":{"@id":"https:\/\/www.lecentrefranco.ca\/les-instituts-du-centre-franco\/#\/schema\/logo\/image\/"}}]}},"_links":{"self":[{"href":"https:\/\/www.lecentrefranco.ca\/les-instituts-du-centre-franco\/wp-json\/wp\/v2\/pages\/2","targetHints":{"allow":["GET"]}}],"collection":[{"href":"https:\/\/www.lecentrefranco.ca\/les-instituts-du-centre-franco\/wp-json\/wp\/v2\/pages"}],"about":[{"href":"https:\/\/www.lecentrefranco.ca\/les-instituts-du-centre-franco\/wp-json\/wp\/v2\/types\/page"}],"author":[{"embeddable":true,"href":"https:\/\/www.lecentrefranco.ca\/les-instituts-du-centre-franco\/wp-json\/wp\/v2\/users\/4"}],"replies":[{"embeddable":true,"href":"https:\/\/www.lecentrefranco.ca\/les-instituts-du-centre-franco\/wp-json\/wp\/v2\/comments?post=2"}],"version-history":[{"count":0,"href":"https:\/\/www.lecentrefranco.ca\/les-instituts-du-centre-franco\/wp-json\/wp\/v2\/pages\/2\/revisions"}],"wp:attachment":[{"href":"https:\/\/www.lecentrefranco.ca\/les-instituts-du-centre-franco\/wp-json\/wp\/v2\/media?parent=2"}],"curies":[{"name":"wp","href":"https:\/\/api.w.org\/{rel}","templated":true}]}}

<!-- This site is optimized with the Yoast SEO plugin v27.5 - https://yoast.com/product/yoast-seo-wordpress/ -->
<title>Les Instituts du Centre franco - Les Instituts du Centre franco</title>
<meta name="description" content="Mettez en pratique vos connaissances liées à l’actualité dans votre salle de classe. Les formations virtuelles des Instituts du Centre franco sont offertes par des spécialistes du milieu de l’éducation trois fois par année (automne, hiver et été), puis, en parallèle, nous vous proposons de suivre nos Instituts en continu tout le long de l’année scolaire." />
<meta name="robots" content="index, follow, max-snippet:-1, max-image-preview:large, max-video-preview:-1" />
<link rel="canonical" href="https://www.lecentrefranco.ca/les-instituts-du-centre-franco/" />
<meta property="og:locale" content="fr_CA" />
<meta property="og:type" content="article" />
<meta property="og:title" content="Les Instituts du Centre franco - Les Instituts du Centre franco" />
<meta property="og:description" content="Mettez en pratique vos connaissances liées à l’actualité dans votre salle de classe. Les formations virtuelles des Instituts du Centre franco sont offertes par des spécialistes du milieu de l’éducation trois fois par année (automne, hiver et été), puis, en parallèle, nous vous proposons de suivre nos Instituts en continu tout le long de l’année scolaire." />
<meta property="og:url" content="https://www.lecentrefranco.ca/les-instituts-du-centre-franco/" />
<meta property="og:site_name" content="Les Instituts du Centre franco" />
<meta property="article:modified_time" content="2026-02-27T14:23:38+00:00" />
<meta property="og:image" content="http://www.lecentrefranco.ca/les-instituts-du-centre-franco/wp-content/uploads/sites/19/2021/10/vms-idcf-gen-.jpg" />
	<meta property="og:image:width" content="1200" />
	<meta property="og:image:height" content="630" />
	<meta property="og:image:type" content="image/jpeg" />
<meta name="twitter:card" content="summary_large_image" />
<meta name="twitter:image" content="https://www.lecentrefranco.ca/les-instituts-du-centre-franco/wp-content/uploads/sites/19/2021/10/vms-idcf-gen-.jpg" />
<meta name="twitter:label1" content="Estimation du temps de lecture" />
	<meta name="twitter:data1" content="1 minute" />
<script type="application/ld+json" class="yoast-schema-graph">{"@context":"https:\/\/schema.org","@graph":[{"@type":"WebPage","@id":"https:\/\/www.lecentrefranco.ca\/les-instituts-du-centre-franco\/","url":"https:\/\/www.lecentrefranco.ca\/les-instituts-du-centre-franco\/","name":"Les Instituts du Centre franco - Les Instituts du Centre franco","isPartOf":{"@id":"https:\/\/www.lecentrefranco.ca\/les-instituts-du-centre-franco\/#website"},"datePublished":"2021-08-31T11:23:44+00:00","dateModified":"2026-02-27T14:23:38+00:00","description":"Mettez en pratique vos connaissances liées à l’actualité dans votre salle de classe. Les formations virtuelles des Instituts du Centre franco sont offertes par des spécialistes du milieu de l’éducation trois fois par année (automne, hiver et été), puis, en parallèle, nous vous proposons de suivre nos Instituts en continu tout le long de l’année scolaire.","breadcrumb":{"@id":"https:\/\/www.lecentrefranco.ca\/les-instituts-du-centre-franco\/#breadcrumb"},"inLanguage":"fr-CA","potentialAction":[{"@type":"ReadAction","target":["https:\/\/www.lecentrefranco.ca\/les-instituts-du-centre-franco\/"]}]},{"@type":"BreadcrumbList","@id":"https:\/\/www.lecentrefranco.ca\/les-instituts-du-centre-franco\/#breadcrumb","itemListElement":[{"@type":"ListItem","position":1,"name":"Accueil","item":"https:\/\/www.lecentrefranco.ca\/les-instituts-du-centre-franco\/"},{"@type":"ListItem","position":2,"name":"Les Instituts du Centre franco"}]},{"@type":"WebSite","@id":"https:\/\/www.lecentrefranco.ca\/les-instituts-du-centre-franco\/#website","url":"https:\/\/www.lecentrefranco.ca\/les-instituts-du-centre-franco\/","name":"Les Instituts du Centre franco","description":"Un site utilisant Site Web du LCF","publisher":{"@id":"https:\/\/www.lecentrefranco.ca\/les-instituts-du-centre-franco\/#organization"},"potentialAction":[{"@type":"SearchAction","target":{"@type":"EntryPoint","urlTemplate":"https:\/\/www.lecentrefranco.ca\/les-instituts-du-centre-franco\/?s={search_term_string}"},"query-input":{"@type":"PropertyValueSpecification","valueRequired":true,"valueName":"search_term_string"}}],"inLanguage":"fr-CA"},{"@type":"Organization","@id":"https:\/\/www.lecentrefranco.ca\/les-instituts-du-centre-franco\/#organization","name":"Les Instituts du Centre franco","url":"https:\/\/www.lecentrefranco.ca\/les-instituts-du-centre-franco\/","logo":{"@type":"ImageObject","inLanguage":"fr-CA","@id":"https:\/\/www.lecentrefranco.ca\/les-instituts-du-centre-franco\/#\/schema\/logo\/image\/","url":"https:\/\/www.lecentrefranco.ca\/les-instituts-du-centre-franco\/wp-content\/uploads\/sites\/19\/2021\/10\/vms-idcf-gen-.jpg","contentUrl":"https:\/\/www.lecentrefranco.ca\/les-instituts-du-centre-franco\/wp-content\/uploads\/sites\/19\/2021\/10\/vms-idcf-gen-.jpg","width":1200,"height":630,"caption":"Les Instituts du Centre franco"},"image":{"@id":"https:\/\/www.lecentrefranco.ca\/les-instituts-du-centre-franco\/#\/schema\/logo\/image\/"}}]}</script>
<!-- / Yoast SEO plugin. -->

Mettez en pratique vos connaissances liées à l’actualité dans votre salle de classe. Les formations virtuelles des Instituts du Centre franco sont offertes par des spécialistes du milieu de l’éducation trois fois par année (automne, hiver et été), puis, en parallèle, nous vous proposons de suivre nos Instituts en continu tout le long de l’année scolaire.
