{"id":2261,"date":"2025-10-31T12:22:23","date_gmt":"2025-10-31T12:22:23","guid":{"rendered":"https:\/\/www.lecentrefranco.ca\/les-instituts-du-centre-franco\/?post_type=24-24&#038;p=2261"},"modified":"2025-12-23T19:40:30","modified_gmt":"2025-12-23T19:40:30","slug":"balado-avec-maryse-legault","status":"publish","type":"24-24","link":"https:\/\/www.lecentrefranco.ca\/les-instituts-du-centre-franco\/24-24\/balado-avec-maryse-legault\/","title":{"rendered":"Balado avec Maryse Legault"},"content":{"rendered":"<h4><strong>\u00c9pisode 19<\/strong><\/h4>\n<p><strong>Maryse Legault<\/strong>, est une p\u00e9dagogue ayant une exp\u00e9rience d\u2019enseignement de la 1<sup>re<\/sup> \u00e0 la 8<sup>e<\/sup>\u00a0ann\u00e9e, passionn\u00e9e par le processus d\u2019\u00e9valuation et l\u2019andragogie.<br \/>\nD\u2019enseignante \u00e0 conseill\u00e8re p\u00e9dagogique en \u00e9valuation, ou comme agente d\u2019\u00e9ducation \u00e0 l\u2019OQRE ou agente de rendement au Minist\u00e8re, toutes ses exp\u00e9riences lui ont servi de tremplin pour les diff\u00e9rents r\u00f4les qu\u2019elle a jou\u00e9s au CSDCEO.<\/p>\n","protected":false},"featured_media":2271,"menu_order":0,"template":"single-cp24-24.php","meta":{"_acf_changed":false},"nouveautes":[],"class_list":["post-2261","24-24","type-24-24","status-publish","has-post-thumbnail","hentry","formats-conversations-pedagogique","annee_scolaire-2025-2026"],"acf":[],"yoast_head":"<!-- This site is optimized with the Yoast SEO plugin v27.5 - https:\/\/yoast.com\/product\/yoast-seo-wordpress\/ -->\n<title>Balado avec Maryse Legault - Les Instituts du Centre franco<\/title>\n<meta name=\"description\" content=\"\u00c0 la rencontre d\u2019Annick Morin \u2013 La sant\u00e9 mentale, une responsabilit\u00e9 partag\u00e9e en milieu \u00e9ducatif.\" \/>\n<meta name=\"robots\" content=\"index, follow, max-snippet:-1, max-image-preview:large, max-video-preview:-1\" \/>\n<link rel=\"canonical\" href=\"https:\/\/www.lecentrefranco.ca\/les-instituts-du-centre-franco\/24-24\/balado-avec-maryse-legault\/\" \/>\n<meta property=\"og:locale\" content=\"fr_CA\" \/>\n<meta property=\"og:type\" content=\"article\" \/>\n<meta property=\"og:title\" content=\"Balado avec Maryse Legault - Les Instituts du Centre franco\" \/>\n<meta property=\"og:description\" content=\"\u00c0 la rencontre d\u2019Annick Morin \u2013 La sant\u00e9 mentale, une responsabilit\u00e9 partag\u00e9e en milieu \u00e9ducatif.\" \/>\n<meta property=\"og:url\" content=\"https:\/\/www.lecentrefranco.ca\/les-instituts-du-centre-franco\/24-24\/balado-avec-maryse-legault\/\" \/>\n<meta property=\"og:site_name\" content=\"Les Instituts du Centre franco\" \/>\n<meta property=\"article:modified_time\" content=\"2025-12-23T19:40:30+00:00\" \/>\n<meta property=\"og:image\" content=\"http:\/\/www.lecentrefranco.ca\/les-instituts-du-centre-franco\/wp-content\/uploads\/sites\/19\/2023\/06\/hero-ins24-24.png\" \/>\n\t<meta property=\"og:image:width\" content=\"1920\" \/>\n\t<meta property=\"og:image:height\" content=\"403\" \/>\n\t<meta property=\"og:image:type\" content=\"image\/png\" \/>\n<meta name=\"twitter:card\" content=\"summary_large_image\" \/>\n<meta name=\"twitter:label1\" content=\"Estimation du temps de lecture\" \/>\n\t<meta name=\"twitter:data1\" content=\"1 minute\" \/>\n<script type=\"application\/ld+json\" class=\"yoast-schema-graph\">{\"@context\":\"https:\\\/\\\/schema.org\",\"@graph\":[{\"@type\":\"WebPage\",\"@id\":\"https:\\\/\\\/www.lecentrefranco.ca\\\/les-instituts-du-centre-franco\\\/24-24\\\/balado-avec-maryse-legault\\\/\",\"url\":\"https:\\\/\\\/www.lecentrefranco.ca\\\/les-instituts-du-centre-franco\\\/24-24\\\/balado-avec-maryse-legault\\\/\",\"name\":\"Balado avec Maryse Legault - Les Instituts du Centre franco\",\"isPartOf\":{\"@id\":\"https:\\\/\\\/www.lecentrefranco.ca\\\/les-instituts-du-centre-franco\\\/#website\"},\"primaryImageOfPage\":{\"@id\":\"https:\\\/\\\/www.lecentrefranco.ca\\\/les-instituts-du-centre-franco\\\/24-24\\\/balado-avec-maryse-legault\\\/#primaryimage\"},\"image\":{\"@id\":\"https:\\\/\\\/www.lecentrefranco.ca\\\/les-instituts-du-centre-franco\\\/24-24\\\/balado-avec-maryse-legault\\\/#primaryimage\"},\"thumbnailUrl\":\"https:\\\/\\\/www.lecentrefranco.ca\\\/les-instituts-du-centre-franco\\\/wp-content\\\/uploads\\\/sites\\\/19\\\/2025\\\/10\\\/vignette-m-legault.jpg\",\"datePublished\":\"2025-10-31T12:22:23+00:00\",\"dateModified\":\"2025-12-23T19:40:30+00:00\",\"description\":\"\u00c0 la rencontre d\u2019Annick Morin \u2013 La sant\u00e9 mentale, une responsabilit\u00e9 partag\u00e9e en milieu \u00e9ducatif.\",\"breadcrumb\":{\"@id\":\"https:\\\/\\\/www.lecentrefranco.ca\\\/les-instituts-du-centre-franco\\\/24-24\\\/balado-avec-maryse-legault\\\/#breadcrumb\"},\"inLanguage\":\"fr-CA\",\"potentialAction\":[{\"@type\":\"ReadAction\",\"target\":[\"https:\\\/\\\/www.lecentrefranco.ca\\\/les-instituts-du-centre-franco\\\/24-24\\\/balado-avec-maryse-legault\\\/\"]}]},{\"@type\":\"ImageObject\",\"inLanguage\":\"fr-CA\",\"@id\":\"https:\\\/\\\/www.lecentrefranco.ca\\\/les-instituts-du-centre-franco\\\/24-24\\\/balado-avec-maryse-legault\\\/#primaryimage\",\"url\":\"https:\\\/\\\/www.lecentrefranco.ca\\\/les-instituts-du-centre-franco\\\/wp-content\\\/uploads\\\/sites\\\/19\\\/2025\\\/10\\\/vignette-m-legault.jpg\",\"contentUrl\":\"https:\\\/\\\/www.lecentrefranco.ca\\\/les-instituts-du-centre-franco\\\/wp-content\\\/uploads\\\/sites\\\/19\\\/2025\\\/10\\\/vignette-m-legault.jpg\",\"width\":420,\"height\":420},{\"@type\":\"BreadcrumbList\",\"@id\":\"https:\\\/\\\/www.lecentrefranco.ca\\\/les-instituts-du-centre-franco\\\/24-24\\\/balado-avec-maryse-legault\\\/#breadcrumb\",\"itemListElement\":[{\"@type\":\"ListItem\",\"position\":1,\"name\":\"Accueil\",\"item\":\"https:\\\/\\\/www.lecentrefranco.ca\\\/les-instituts-du-centre-franco\\\/\"},{\"@type\":\"ListItem\",\"position\":2,\"name\":\"Balado avec Maryse Legault\"}]},{\"@type\":\"WebSite\",\"@id\":\"https:\\\/\\\/www.lecentrefranco.ca\\\/les-instituts-du-centre-franco\\\/#website\",\"url\":\"https:\\\/\\\/www.lecentrefranco.ca\\\/les-instituts-du-centre-franco\\\/\",\"name\":\"Les Instituts du Centre franco\",\"description\":\"Un site utilisant Site Web du LCF\",\"publisher\":{\"@id\":\"https:\\\/\\\/www.lecentrefranco.ca\\\/les-instituts-du-centre-franco\\\/#organization\"},\"potentialAction\":[{\"@type\":\"SearchAction\",\"target\":{\"@type\":\"EntryPoint\",\"urlTemplate\":\"https:\\\/\\\/www.lecentrefranco.ca\\\/les-instituts-du-centre-franco\\\/?s={search_term_string}\"},\"query-input\":{\"@type\":\"PropertyValueSpecification\",\"valueRequired\":true,\"valueName\":\"search_term_string\"}}],\"inLanguage\":\"fr-CA\"},{\"@type\":\"Organization\",\"@id\":\"https:\\\/\\\/www.lecentrefranco.ca\\\/les-instituts-du-centre-franco\\\/#organization\",\"name\":\"Les Instituts du Centre franco\",\"url\":\"https:\\\/\\\/www.lecentrefranco.ca\\\/les-instituts-du-centre-franco\\\/\",\"logo\":{\"@type\":\"ImageObject\",\"inLanguage\":\"fr-CA\",\"@id\":\"https:\\\/\\\/www.lecentrefranco.ca\\\/les-instituts-du-centre-franco\\\/#\\\/schema\\\/logo\\\/image\\\/\",\"url\":\"https:\\\/\\\/www.lecentrefranco.ca\\\/les-instituts-du-centre-franco\\\/wp-content\\\/uploads\\\/sites\\\/19\\\/2021\\\/10\\\/vms-idcf-gen-.jpg\",\"contentUrl\":\"https:\\\/\\\/www.lecentrefranco.ca\\\/les-instituts-du-centre-franco\\\/wp-content\\\/uploads\\\/sites\\\/19\\\/2021\\\/10\\\/vms-idcf-gen-.jpg\",\"width\":1200,\"height\":630,\"caption\":\"Les Instituts du Centre franco\"},\"image\":{\"@id\":\"https:\\\/\\\/www.lecentrefranco.ca\\\/les-instituts-du-centre-franco\\\/#\\\/schema\\\/logo\\\/image\\\/\"}}]}<\/script>\n<!-- \/ Yoast SEO plugin. -->","yoast_head_json":{"title":"Balado avec Maryse Legault - Les Instituts du Centre franco","description":"\u00c0 la rencontre d\u2019Annick Morin \u2013 La sant\u00e9 mentale, une responsabilit\u00e9 partag\u00e9e en milieu \u00e9ducatif.","robots":{"index":"index","follow":"follow","max-snippet":"max-snippet:-1","max-image-preview":"max-image-preview:large","max-video-preview":"max-video-preview:-1"},"canonical":"https:\/\/www.lecentrefranco.ca\/les-instituts-du-centre-franco\/24-24\/balado-avec-maryse-legault\/","og_locale":"fr_CA","og_type":"article","og_title":"Balado avec Maryse Legault - Les Instituts du Centre franco","og_description":"\u00c0 la rencontre d\u2019Annick Morin \u2013 La sant\u00e9 mentale, une responsabilit\u00e9 partag\u00e9e en milieu \u00e9ducatif.","og_url":"https:\/\/www.lecentrefranco.ca\/les-instituts-du-centre-franco\/24-24\/balado-avec-maryse-legault\/","og_site_name":"Les Instituts du Centre franco","article_modified_time":"2025-12-23T19:40:30+00:00","og_image":[{"width":1920,"height":403,"url":"http:\/\/www.lecentrefranco.ca\/les-instituts-du-centre-franco\/wp-content\/uploads\/sites\/19\/2023\/06\/hero-ins24-24.png","type":"image\/png"}],"twitter_card":"summary_large_image","twitter_misc":{"Estimation du temps de lecture":"1 minute"},"schema":{"@context":"https:\/\/schema.org","@graph":[{"@type":"WebPage","@id":"https:\/\/www.lecentrefranco.ca\/les-instituts-du-centre-franco\/24-24\/balado-avec-maryse-legault\/","url":"https:\/\/www.lecentrefranco.ca\/les-instituts-du-centre-franco\/24-24\/balado-avec-maryse-legault\/","name":"Balado avec Maryse Legault - Les Instituts du Centre franco","isPartOf":{"@id":"https:\/\/www.lecentrefranco.ca\/les-instituts-du-centre-franco\/#website"},"primaryImageOfPage":{"@id":"https:\/\/www.lecentrefranco.ca\/les-instituts-du-centre-franco\/24-24\/balado-avec-maryse-legault\/#primaryimage"},"image":{"@id":"https:\/\/www.lecentrefranco.ca\/les-instituts-du-centre-franco\/24-24\/balado-avec-maryse-legault\/#primaryimage"},"thumbnailUrl":"https:\/\/www.lecentrefranco.ca\/les-instituts-du-centre-franco\/wp-content\/uploads\/sites\/19\/2025\/10\/vignette-m-legault.jpg","datePublished":"2025-10-31T12:22:23+00:00","dateModified":"2025-12-23T19:40:30+00:00","description":"\u00c0 la rencontre d\u2019Annick Morin \u2013 La sant\u00e9 mentale, une responsabilit\u00e9 partag\u00e9e en milieu \u00e9ducatif.","breadcrumb":{"@id":"https:\/\/www.lecentrefranco.ca\/les-instituts-du-centre-franco\/24-24\/balado-avec-maryse-legault\/#breadcrumb"},"inLanguage":"fr-CA","potentialAction":[{"@type":"ReadAction","target":["https:\/\/www.lecentrefranco.ca\/les-instituts-du-centre-franco\/24-24\/balado-avec-maryse-legault\/"]}]},{"@type":"ImageObject","inLanguage":"fr-CA","@id":"https:\/\/www.lecentrefranco.ca\/les-instituts-du-centre-franco\/24-24\/balado-avec-maryse-legault\/#primaryimage","url":"https:\/\/www.lecentrefranco.ca\/les-instituts-du-centre-franco\/wp-content\/uploads\/sites\/19\/2025\/10\/vignette-m-legault.jpg","contentUrl":"https:\/\/www.lecentrefranco.ca\/les-instituts-du-centre-franco\/wp-content\/uploads\/sites\/19\/2025\/10\/vignette-m-legault.jpg","width":420,"height":420},{"@type":"BreadcrumbList","@id":"https:\/\/www.lecentrefranco.ca\/les-instituts-du-centre-franco\/24-24\/balado-avec-maryse-legault\/#breadcrumb","itemListElement":[{"@type":"ListItem","position":1,"name":"Accueil","item":"https:\/\/www.lecentrefranco.ca\/les-instituts-du-centre-franco\/"},{"@type":"ListItem","position":2,"name":"Balado avec Maryse Legault"}]},{"@type":"WebSite","@id":"https:\/\/www.lecentrefranco.ca\/les-instituts-du-centre-franco\/#website","url":"https:\/\/www.lecentrefranco.ca\/les-instituts-du-centre-franco\/","name":"Les Instituts du Centre franco","description":"Un site utilisant Site Web du LCF","publisher":{"@id":"https:\/\/www.lecentrefranco.ca\/les-instituts-du-centre-franco\/#organization"},"potentialAction":[{"@type":"SearchAction","target":{"@type":"EntryPoint","urlTemplate":"https:\/\/www.lecentrefranco.ca\/les-instituts-du-centre-franco\/?s={search_term_string}"},"query-input":{"@type":"PropertyValueSpecification","valueRequired":true,"valueName":"search_term_string"}}],"inLanguage":"fr-CA"},{"@type":"Organization","@id":"https:\/\/www.lecentrefranco.ca\/les-instituts-du-centre-franco\/#organization","name":"Les Instituts du Centre franco","url":"https:\/\/www.lecentrefranco.ca\/les-instituts-du-centre-franco\/","logo":{"@type":"ImageObject","inLanguage":"fr-CA","@id":"https:\/\/www.lecentrefranco.ca\/les-instituts-du-centre-franco\/#\/schema\/logo\/image\/","url":"https:\/\/www.lecentrefranco.ca\/les-instituts-du-centre-franco\/wp-content\/uploads\/sites\/19\/2021\/10\/vms-idcf-gen-.jpg","contentUrl":"https:\/\/www.lecentrefranco.ca\/les-instituts-du-centre-franco\/wp-content\/uploads\/sites\/19\/2021\/10\/vms-idcf-gen-.jpg","width":1200,"height":630,"caption":"Les Instituts du Centre franco"},"image":{"@id":"https:\/\/www.lecentrefranco.ca\/les-instituts-du-centre-franco\/#\/schema\/logo\/image\/"}}]}},"_links":{"self":[{"href":"https:\/\/www.lecentrefranco.ca\/les-instituts-du-centre-franco\/wp-json\/wp\/v2\/24-24\/2261","targetHints":{"allow":["GET"]}}],"collection":[{"href":"https:\/\/www.lecentrefranco.ca\/les-instituts-du-centre-franco\/wp-json\/wp\/v2\/24-24"}],"about":[{"href":"https:\/\/www.lecentrefranco.ca\/les-instituts-du-centre-franco\/wp-json\/wp\/v2\/types\/24-24"}],"wp:featuredmedia":[{"embeddable":true,"href":"https:\/\/www.lecentrefranco.ca\/les-instituts-du-centre-franco\/wp-json\/wp\/v2\/media\/2271"}],"wp:attachment":[{"href":"https:\/\/www.lecentrefranco.ca\/les-instituts-du-centre-franco\/wp-json\/wp\/v2\/media?parent=2261"}],"wp:term":[{"taxonomy":"nouveautes","embeddable":true,"href":"https:\/\/www.lecentrefranco.ca\/les-instituts-du-centre-franco\/wp-json\/wp\/v2\/nouveautes?post=2261"}],"curies":[{"name":"wp","href":"https:\/\/api.w.org\/{rel}","templated":true}]}}

<h4><strong>Épisode 19</strong></h4>
<p><strong>Maryse Legault</strong>, est une pédagogue ayant une expérience d’enseignement de la 1<sup>re</sup> à la 8<sup>e</sup> année, passionnée par le processus d’évaluation et l’andragogie.<br />
D’enseignante à conseillère pédagogique en évaluation, ou comme agente d’éducation à l’OQRE ou agente de rendement au Ministère, toutes ses expériences lui ont servi de tremplin pour les différents rôles qu’elle a joués au CSDCEO.</p>

<!-- This site is optimized with the Yoast SEO plugin v27.5 - https://yoast.com/product/yoast-seo-wordpress/ -->
<title>Balado avec Maryse Legault - Les Instituts du Centre franco</title>
<meta name="description" content="À la rencontre d’Annick Morin – La santé mentale, une responsabilité partagée en milieu éducatif." />
<meta name="robots" content="index, follow, max-snippet:-1, max-image-preview:large, max-video-preview:-1" />
<link rel="canonical" href="https://www.lecentrefranco.ca/les-instituts-du-centre-franco/24-24/balado-avec-maryse-legault/" />
<meta property="og:locale" content="fr_CA" />
<meta property="og:type" content="article" />
<meta property="og:title" content="Balado avec Maryse Legault - Les Instituts du Centre franco" />
<meta property="og:description" content="À la rencontre d’Annick Morin – La santé mentale, une responsabilité partagée en milieu éducatif." />
<meta property="og:url" content="https://www.lecentrefranco.ca/les-instituts-du-centre-franco/24-24/balado-avec-maryse-legault/" />
<meta property="og:site_name" content="Les Instituts du Centre franco" />
<meta property="article:modified_time" content="2025-12-23T19:40:30+00:00" />
<meta property="og:image" content="http://www.lecentrefranco.ca/les-instituts-du-centre-franco/wp-content/uploads/sites/19/2023/06/hero-ins24-24.png" />
	<meta property="og:image:width" content="1920" />
	<meta property="og:image:height" content="403" />
	<meta property="og:image:type" content="image/png" />
<meta name="twitter:card" content="summary_large_image" />
<meta name="twitter:label1" content="Estimation du temps de lecture" />
	<meta name="twitter:data1" content="1 minute" />
<script type="application/ld+json" class="yoast-schema-graph">{"@context":"https:\/\/schema.org","@graph":[{"@type":"WebPage","@id":"https:\/\/www.lecentrefranco.ca\/les-instituts-du-centre-franco\/24-24\/balado-avec-maryse-legault\/","url":"https:\/\/www.lecentrefranco.ca\/les-instituts-du-centre-franco\/24-24\/balado-avec-maryse-legault\/","name":"Balado avec Maryse Legault - Les Instituts du Centre franco","isPartOf":{"@id":"https:\/\/www.lecentrefranco.ca\/les-instituts-du-centre-franco\/#website"},"primaryImageOfPage":{"@id":"https:\/\/www.lecentrefranco.ca\/les-instituts-du-centre-franco\/24-24\/balado-avec-maryse-legault\/#primaryimage"},"image":{"@id":"https:\/\/www.lecentrefranco.ca\/les-instituts-du-centre-franco\/24-24\/balado-avec-maryse-legault\/#primaryimage"},"thumbnailUrl":"https:\/\/www.lecentrefranco.ca\/les-instituts-du-centre-franco\/wp-content\/uploads\/sites\/19\/2025\/10\/vignette-m-legault.jpg","datePublished":"2025-10-31T12:22:23+00:00","dateModified":"2025-12-23T19:40:30+00:00","description":"À la rencontre d’Annick Morin – La santé mentale, une responsabilité partagée en milieu éducatif.","breadcrumb":{"@id":"https:\/\/www.lecentrefranco.ca\/les-instituts-du-centre-franco\/24-24\/balado-avec-maryse-legault\/#breadcrumb"},"inLanguage":"fr-CA","potentialAction":[{"@type":"ReadAction","target":["https:\/\/www.lecentrefranco.ca\/les-instituts-du-centre-franco\/24-24\/balado-avec-maryse-legault\/"]}]},{"@type":"ImageObject","inLanguage":"fr-CA","@id":"https:\/\/www.lecentrefranco.ca\/les-instituts-du-centre-franco\/24-24\/balado-avec-maryse-legault\/#primaryimage","url":"https:\/\/www.lecentrefranco.ca\/les-instituts-du-centre-franco\/wp-content\/uploads\/sites\/19\/2025\/10\/vignette-m-legault.jpg","contentUrl":"https:\/\/www.lecentrefranco.ca\/les-instituts-du-centre-franco\/wp-content\/uploads\/sites\/19\/2025\/10\/vignette-m-legault.jpg","width":420,"height":420},{"@type":"BreadcrumbList","@id":"https:\/\/www.lecentrefranco.ca\/les-instituts-du-centre-franco\/24-24\/balado-avec-maryse-legault\/#breadcrumb","itemListElement":[{"@type":"ListItem","position":1,"name":"Accueil","item":"https:\/\/www.lecentrefranco.ca\/les-instituts-du-centre-franco\/"},{"@type":"ListItem","position":2,"name":"Balado avec Maryse Legault"}]},{"@type":"WebSite","@id":"https:\/\/www.lecentrefranco.ca\/les-instituts-du-centre-franco\/#website","url":"https:\/\/www.lecentrefranco.ca\/les-instituts-du-centre-franco\/","name":"Les Instituts du Centre franco","description":"Un site utilisant Site Web du LCF","publisher":{"@id":"https:\/\/www.lecentrefranco.ca\/les-instituts-du-centre-franco\/#organization"},"potentialAction":[{"@type":"SearchAction","target":{"@type":"EntryPoint","urlTemplate":"https:\/\/www.lecentrefranco.ca\/les-instituts-du-centre-franco\/?s={search_term_string}"},"query-input":{"@type":"PropertyValueSpecification","valueRequired":true,"valueName":"search_term_string"}}],"inLanguage":"fr-CA"},{"@type":"Organization","@id":"https:\/\/www.lecentrefranco.ca\/les-instituts-du-centre-franco\/#organization","name":"Les Instituts du Centre franco","url":"https:\/\/www.lecentrefranco.ca\/les-instituts-du-centre-franco\/","logo":{"@type":"ImageObject","inLanguage":"fr-CA","@id":"https:\/\/www.lecentrefranco.ca\/les-instituts-du-centre-franco\/#\/schema\/logo\/image\/","url":"https:\/\/www.lecentrefranco.ca\/les-instituts-du-centre-franco\/wp-content\/uploads\/sites\/19\/2021\/10\/vms-idcf-gen-.jpg","contentUrl":"https:\/\/www.lecentrefranco.ca\/les-instituts-du-centre-franco\/wp-content\/uploads\/sites\/19\/2021\/10\/vms-idcf-gen-.jpg","width":1200,"height":630,"caption":"Les Instituts du Centre franco"},"image":{"@id":"https:\/\/www.lecentrefranco.ca\/les-instituts-du-centre-franco\/#\/schema\/logo\/image\/"}}]}</script>
<!-- / Yoast SEO plugin. -->

À la rencontre d’Annick Morin – La santé mentale, une responsabilité partagée en milieu éducatif.
