









{"id":118,"date":"2014-07-23T16:35:51","date_gmt":"2014-07-23T15:35:51","guid":{"rendered":"http:\/\/cforp2.wpengine.com\/la-boussole\/?page_id=118"},"modified":"2018-02-15T20:56:44","modified_gmt":"2018-02-15T19:56:44","slug":"la-piste-de-formation","status":"publish","type":"page","link":"https:\/\/www.lecentrefranco.ca\/la-boussole\/la-piste-de-formation\/","title":{"rendered":"La piste de formation"},"content":{"rendered":"\r\n<!-- interchange-->\r\n<div class=\"row interchange-banniere-7 hide-for-print\" title=\"Banni\u00e8re\">\r\n<\/div>\r\n    \r\n<br>\r\n<!-- fin banni\u00e8re-->\r\n<h1 class=\"entry-title xtra-margin-top\">La piste de formation<\/h1>\r\n<p>\r\nSi tu as maintenant une meilleure id\u00e9e de qui tu es (connaissance de soi) et d\u2019une profession ou d\u2019un m\u00e9tier que tu songes embrasser, tu dois maintenant explorer la  meilleure fa\u00e7on d&rsquo;atteindre ton objectif de carri\u00e8re, c\u2019est \u00e0-dire d\u00e9terminer o\u00f9 \u00e9tudier pour acqu\u00e9rir les comp\u00e9tences et les qualifications n\u00e9cessaires.\u00a0 <\/p>\r\n<br>\r\n\r\n<h2 class=\"collapseomatic \" id=\"id69f25a32da76d\"  tabindex=\"0\" title=\"Les liens ci-dessous peuvent t\u2019\u00eatre utiles.\"    >Les liens ci-dessous peuvent t\u2019\u00eatre utiles.<\/h2><div id=\"target-id69f25a32da76d\" class=\"collapseomatic_content maptastic\"> \r\n<h3 class=\"xtra-margin-gauche\">Formation et \u00e9ducation<\/h3>\r\n<ul class=\"ul-h3\">\r\n  <li><a href=\"http:\/\/www.edu.gov.on.ca\/plusdereussitedeseleves\/dualCredit.html\" target=\"_blank\">Programme \u00e0 double reconnaissance de cr\u00e9dit<\/a><\/li>                           \r\n <li> <a href=\"http:\/\/www.ontla.on.ca\/library\/repository\/mon\/7000\/10306991.pdf\" target=\"_blank\">Un bon d\u00e9part \u2013  Choisir le chemin \u00e0 prendre apr\u00e8s l&rsquo;\u00e9cole secondaire<\/a><\/li>\r\n  <li><a href=\"https:\/\/www.canada.ca\/fr\/emploi-developpement-social\/programmes\/postsecondaire.html\" target=\"_blank\">Jeunesse  Canada \u2013 Planifier vos \u00e9tudes postsecondaires<\/a><\/li>\r\n  <li><a href=\"http:\/\/www.edu.gov.on.ca\/extra\/fre\/ppm\/graduateFr.pdf\" target=\"_blank\">Que me faut-il  pour obtenir mon dipl\u00f4me d&rsquo;\u00e9tudes secondaires?<\/a><\/li>\r\n  <li><a href=\"http:\/\/www.edu.gov.on.ca\/eng\/multi\/french\/SHSMFactSheetFR.pdf\" target=\"_blank\">Majeure  haute sp\u00e9cialisation<\/a><\/li>\r\n  <li><a href=\"http:\/\/0-fs01.cito.gov.ns.ca.legcat.gov.ns.ca\/deposit\/b10647752.pdf\" target=\"_blank\">Guide de planification des \u00e9tudes secondaires<\/a><\/li>\r\n  <li><a href=\"http:\/\/nouveauxjeunes.ca\/ecole\" target=\"_blank\">L\u2019\u00e9ducation pour les jeunes nouveaux arrivants  en Ontario<\/a><\/li>\r\n  <li><a href=\"http:\/\/open.alberta.ca\/dataset\/af719e70-6544-4bf6-8b57-e4f961e1e61e\/resource\/f624cc79-a240-43d9-8270-293d50e8d49a\/download\/5513542-AET-Prendre-sa-vie-en-main-student-French-yourlifestudent.pdf\" target=\"_blank\">Prendre sa vie en main. Un guide en vue de planifier sa carri\u00e8re et ses \u00e9tudes<\/a> <\/li>\r\n  <li><a href=\"http:\/\/www.careeroptionsmagazine.com\/fr\/articles\/un-baccalaureat-en-arts-ca-sert-a-quoi\/\" target=\"_blank\">Un baccalaur\u00e9at en arts? \u00c7a sert \u00e0 quoi?<\/a><\/li>\r\n  <li><a target=\"_blank\" href=\"https:\/\/www.app.edu.gov.on.ca\/fre\/sift\/indexSec.asp\">Rechercher une \u00e9cole secondaire en Ontario<\/a><\/li>\r\n<li><a target=\"_blank\" href=\"https:\/\/jeunessejecoute.ca\/fr\/article\/ecole-postsecondaire-quoi-sattendre-de-la-vie-universitaire-et-universitaire\">\u00c9cole postsecondaire : \u00c0 quoi s\u2019attendre \u00e0 la vie universitaire ou coll\u00e9giale<\/a><\/li>\r\n<li><a target=\"_blank\" href=\"http:\/\/www.careeroptionsmagazine.com\/fr\/articles\/a-vos-marques-prets-partez-comment-vous-preparer-aux-etudes-postsecondaires\/\">\u00c0 vos marques.  Pr\u00eats? Partez!  Comment vous pr\u00e9parer aux \u00e9tudes postsecondaires<\/a><\/li>\r\n<\/ul>\r\n<h3 class=\"xtra-margin-gauche\">L\u2019apprentissage<\/h3>\r\n<ul class=\"ul-h3\"> \r\n    <li><a href=\"http:\/\/www.oyap.com\/index.cfm?fuseaction=homepage&amp;language=F\" target=\"_blank\">Programme d\u2019apprentissage pour les jeunes de l\u2019Ontario (PAJO)<\/a><\/li>\r\n    <li><a href=\"http:\/\/www.edu.gov.on.ca\/fre\/general\/elemsec\/job\/passport\/index.html\" target=\"_blank\">Apprentissage  par l&rsquo;exp\u00e9rience \u2013 Apprendre en dehors  du cadre de la classe<\/a><\/li>\r\n    <li><a href=\"https:\/\/www.ontario.ca\/fr\/page\/preparation-lapprentissage\" target=\"_blank\">Pr\u00e9paration \u00e0 l&rsquo;apprentissage<\/a><\/li>\r\n    <li><a href=\"https:\/\/www.ontario.ca\/fr\/page\/entreprendre-un-apprentissage\" target=\"_blank\">Entreprendre un apprentissage<\/a>   <\/li>\r\n<\/ul>\r\n<ul class=\"ul-h3\">\r\n  <li>Coll\u00e8ges<\/li><li style=\"list-style-type:none\">\r\n  <ul>\r\n    <li><a href=\"http:\/\/www.ontario.ca\/fr\/page\/colleges-en-ontario\" target=\"_blank\">Trouver un coll\u00e8ge en Ontario<br>\r\n     <\/a><\/li>\r\n    <li><a href=\"http:\/\/www.collegesdelontario.ca\/colont\/accueil.html\" target=\"_blank\">Services des admissions des coll\u00e8ges de l\u2019Ontario<\/a><\/li>\r\n    <li><a href=\"http:\/\/rccfc.ca\/\" target=\"_blank\">R\u00e9seau des c\u00e9geps et des coll\u00e8ges francophones du Canada<\/a>\u00a0<\/li> \r\n    <li><a href=\"http:\/\/www.fedecegeps.qc.ca\/index.php?section=14\" target=\"_blank\">Les c\u00e9geps du Qu\u00e9bec<\/a><\/li>\r\n    <li><a href=\"http:\/\/www.ontario.ca\/fr\/page\/colleges-prives-denseignement-professionnel\" target=\"_blank\">Coll\u00e8ges priv\u00e9s d\u2019enseignement professionnel \u2013 Ontario<\/a><\/li>\r\n    <li><a href=\"http:\/\/www.ontario.ca\/fr\/page\/colleges-et-universites-de-langue-francaise#section-1\" target=\"_blank\">Trouver un coll\u00e8ge de langue fran\u00e7aise en Ontario<\/a>\u00a0<\/li>\r\n  <\/ul><\/li>\r\n<\/ul>\r\n<ul class=\"ul-h3\">\r\n<li>Universit\u00e9s<\/li><li style=\"list-style-type:none\">\r\n<ul>\r\n    <li><a href=\"http:\/\/www.ontario.ca\/fr\/page\/universites-en-ontario\" target=\"_blank\">Trouver une universit\u00e9 en Ontario<\/a>\u00a0<\/li>\r\n    <li><a href=\"http:\/\/www.infoelectronique.ca\/?_ga=1.245952580.1575778111.1408411968\" target=\"_blank\">eINFO \u2013 Trouvez votre universit\u00e9<\/a>\u00a0<\/li>\r\n    <li><a href=\"https:\/\/www.ouac.on.ca\/fr\/\" target=\"_blank\">Centre de demande d\u2019admission aux universit\u00e9s de l\u2019Ontario<\/a><\/li>\r\n    <li><a href=\"https:\/\/university.graduateshotline.com\/ubystate.html\" target=\"_blank\">American Universities<\/a><\/li>\r\n    <li><a href=\"http:\/\/www.forms.ssb.gov.on.ca\/mbs\/ssb\/forms\/ssbforms.nsf\/GetFileAttach\/09-174F~1\/$File\/09-174F.pdf\" target=\"_blank\">Programme d\u2019\u00e9tudes Ontario-Qu\u00e9bec \u2013 Services de sant\u00e9<\/a><\/li>\r\n    <li><a href=\"http:\/\/www.ontario.ca\/fr\/page\/colleges-et-universites-de-langue-francaise#section-2\" target=\"_blank\">Trouver une universit\u00e9 bilingue et de langue fran\u00e7aise en Ontario<\/a>\u00a0 <\/li>    \r\n    <li><a href=\"http:\/\/www.findaschool.org\/\" target=\"_blank\">Universit\u00e9s  internationales<\/a>\u00a0<\/li>\r\n    <li><a href=\"http:\/\/www.macleans.ca\/education\/university-rankings-2017\/\" target=\"_blank\">Classement des universit\u00e9s 2017  \u2013 Le magazine <em>Maclean&rsquo;s<\/em><\/a> (en anglais) &nbsp;<\/a><\/li>\r\n\t<li><a href=\"http:\/\/www.careeroptionsmagazine.com\/fr\/articles\/choisissez-votre-propre-aventure-a-luniversite\/\" target=\"_blank\">Choisissez votre propre aventure \u2013 \u00c0 l\u2019universit\u00e9 <\/a><\/li>\r\n\r\n  <\/ul><\/li>\r\n<\/ul>\r\n<ul class=\"ul-h3\">\r\n<li>Autres<\/li>\r\n<li style=\"list-style-type:none\">\r\n<ul>\r\n    <li><a href=\"http:\/\/www.cpc-ccp.gc.ca\/fr\/accueil\" target=\"_blank\">Coll\u00e8ge canadien de police<\/a><\/li>\r\n    <li><a href=\"http:\/\/ent-nts.ca\/fr\/\" target=\"_blank\">\u00c9cole nationale de th\u00e9\u00e2tre du Canada<\/a>\u00a0<\/li>\r\n<li><a href=\"http:\/\/www.ecolenationaledecirque.ca\/fr\/accueil\" target=\"_blank\">\u00c9cole nationale du cirque<\/a><\/li>\r\n    <li><a href=\"http:\/\/sass.uottawa.ca\/fr\/carrieres\/etudes\" target=\"_blank\">Que puis-je faire de mes \u00e9tudes?<\/a> Universit\u00e9 d\u2019Ottawa\u00a0\u00a0<\/li>\r\n    <li><a href=\"http:\/\/www.myplan.com\/majors\/what-to-do-with-a-major.php\" target=\"_blank\">Que faire avec une sp\u00e9cialisation en&#8230;<\/a> (en anglais)<\/li>\r\n<li><a href=\"http:\/\/www.ccg-gcc.gc.ca\/College-et-carrieres\/college\" target=\"_blank\">Coll\u00e8ge de la Garde c\u00f4ti\u00e8re canadienne   <\/a> (en anglais)<\/li>\r\n\r\n <\/ul><\/li>  \r\n<\/ul>\r\n<br>\r\n\r\n<h3 class=\"xtra-margin-gauche\">Comment acqu\u00e9rir de l\u2019exp\u00e9rience<\/h3>\r\n <ul class=\"ul-h3\">\r\n    <li><a href=\"http:\/\/canada.pch.gc.ca\/fra\/1457643856309\/1457711850494\" target=\"_blank\">\u00c9changes Canada<\/a><\/li>\r\n \r\n<li><a href=\"https:\/\/www.canada.ca\/fr\/commission-fonction-publique\/emplois\/services\/recrutement\/etudiants\/programme-federal-experience-travail-etudiant.html\" target=\"_blank\">Le Programme f\u00e9d\u00e9ral d\u2019exp\u00e9rience de travail \u00e9tudiant<\/a><\/li>\r\n    <li><a href=\"http:\/\/www.katimavik.org\/fr\" target=\"_blank\">Katimavik \u2013 Programme de service volontaire pour la jeunesse<\/a><\/li> \r\n<li><a href=\"http:\/\/www.edu.gov.on.ca\/extra\/fre\/ppm\/factsheet.html\" target=\"_blank\">Renseignements sur l\u2019\u00e9ducation coop\u00e9rative<\/a><\/li>\r\n    <li><a href=\"http:\/\/www.parl.gc.ca\/information\/about\/programs\/pages\/pp_welcome-f.htm\" target=\"_blank\">Programme des pages \u2013 Chambre des communes<\/a><\/li>\r\n     <li><a href=\"http:\/\/www.parl.gc.ca\/information\/about\/programs\/senpages\/SenPages-f.htm\" target=\"_blank\">Programme des pages du S\u00e9nat<\/a>\u00a0<\/li>\r\n    <li><a href=\"http:\/\/www.lop.parl.gc.ca\/Employment\/Library\/GuideProgram\/index-f.html\" target=\"_blank\">Programme de guides parlementaires<\/a><\/li>\r\n    <li><a href=\"http:\/\/www.destinationclic.ca\/fr\/page\/?description\" target=\"_blank\">Destination clic \u2013 \u00c9changes au Canada<\/a><\/li>\r\n    <li><a href=\"https:\/\/volunteer.ca\/index.php?lang=fr\" target=\"_blank\">B\u00e9n\u00e9voles Canada<\/a><\/li>\r\n    <li><a href=\"http:\/\/www.afscanada.org\/fr\/\" target=\"_blank\">Interculture  Canada \u2013 Programmes pour les 15 \u00e0 18 ans<\/a><\/li>\r\n    <li><a href=\"http:\/\/jeunessecanadamonde.org\/\" target=\"_blank\">Jeunesse  Canada Monde<\/a><\/li>\r\n    <li><a href=\"http:\/\/www.labour.gov.on.ca\/french\/hs\/volunteers.php\" target=\"_blank\">Les b\u00e9n\u00e9voles \u2013 Ontario<\/a> &nbsp;<\/li>\r\n    <li><a href=\"https:\/\/www.internship.gov.on.ca\/mbs\/sdb\/intern.nsf\/LkpWebContent\/fPublishedHome\" target=\"_blank\">Programme de stages de l&rsquo;Ontario<\/a> <\/li>\r\n\t    <li><a href=\"http:\/\/www.careeroptionsmagazine.com\/fr\/articles\/le-benevolat-un-element-cle-de-votre-croissance-personnelle-et-professionnelle\/\" target=\"_blank\">Le b\u00e9n\u00e9volat : un \u00e9l\u00e9ment cl\u00e9 de votre croissance personnelle et professionnelle<\/a><\/li>\r\n\t    <li><a href=\"http:\/\/www.cic.gc.ca\/francais\/residents\/eic\/index.asp?_ga=1.221486104.1019413412.1478207147\" target=\"_blank\">Voyager  et travailler \u00e0 l&rsquo;\u00e9tranger avec Exp\u00e9rience internationale Canada<\/a><\/li>\r\n\t    <li><a href=\"http:\/\/international.gc.ca\/world-monde\/study_work_travel-etude_travail_voyage\/index.aspx?lang=fra&amp;_ga=1.186890408.1019413412.1478207147\" target=\"_blank\">\u00c9tude,  travail et voyages \u00e0 travers le monde<\/a><\/li>\r\n<li><a href=\"http:\/\/www.careeroptionsmagazine.com\/fr\/informations-de-carrieres\/experiences-dalternance-travail-etudes-et-stages\/\" target=\"_blank\">Exp\u00e9riences d\u2019alternance travail-\u00e9tudes et stages<\/a><\/li>\r\n\r\n<\/ul>\r\n<br>\r\n\r\n<h3 class=\"xtra-margin-gauche\">Formation \u00e0 distance<\/h3>\r\n<ul class=\"ul-h3\">\r\n    <li><a href=\"https:\/\/www.ilc.org\/fr-ca\/page-daccueil\" target=\"_blank\">Centre d\u2019\u00e9tudes ind\u00e9pendantes<\/a><\/li>\r\n    <li><a href=\"http:\/\/www.cvu-uvc.ca\/fr\/programmes.php\" target=\"_blank\">L\u2019universit\u00e9 virtuelle canadienne<\/a><\/li>\r\n    <li><a href=\"http:\/\/educationcanada.cmec.ca\/\" target=\"_blank\">Portail international de l\u2019\u00e9ducation au Canada<\/a><\/li> \r\n    <li><a href=\"http:\/\/www.ontariolearn.com\/fr\/\" target=\"_blank\">Ontario  Learn.com<\/a><\/li>\r\n     <li><a href=\"http:\/\/etudiezenligne.ca\/comment-demarrer\/est-ce-que-je-devrais-faire-des-etudes-en-ligne\" target=\"_blank\">Est-ce que je devrais faire des \u00e9tudes en ligne?<\/a><\/li>\r\n     <li><a href=\"https:\/\/etudiezenligne.ca\/?_ga=1.239120582.455049278.1453213811\" target=\"_blank\">Contact Nord \u2013 \u00c9tudiez en ligne &#8211; Obtenez votre formation dans votre communaut\u00e9<\/a> &nbsp;<\/li>\r\n     <li><a href=\"http:\/\/www.edu.gov.on.ca\/apprentissageelectronique\/courses.html\" target=\"_blank\">Salle de  classe num\u00e9rique \u2013 Apprentissage hybride<\/a> <strong class=\"nouveaute\">nouveau<\/strong><\/li>\r\n\r\n<\/ul>\r\n<\/div><br><br>\r\n<h2 class=\"collapseomatic \" id=\"id69f25a32da7f3\"  tabindex=\"0\" title=\"Aide financi\u00e8re\"    >Aide financi\u00e8re<\/h2><div id=\"target-id69f25a32da7f3\" class=\"collapseomatic_content maptastic\">\r\n<h3 class=\"xtra-margin-gauche\">Pr\u00eats et bourses<\/h3>\r\n<ul class=\"ul-h3\">\r\n  <li><a href=\"https:\/\/juno.aucc.ca\/wes\/hes.aspx?pg=834&amp;oth=&amp;lg=2\" target=\"_blank\">AUCC \u2013 Bourses financ\u00e9es par les entreprises<\/a><\/li>\r\n  <li><a href=\"http:\/\/www.apf.ca\/qu-est-ce-que-la-fdf\" target=\"_blank\">Bourses de la Fondation Donatien-Fr\u00e9mont<\/a> \u2013 Communications<\/li>\r\n  <li><a href=\"http:\/\/www.fondationricard.com\/\" target=\"_blank\">Fondation Baxter et Alma Ricard<\/a> \u2013 (avant le 1<sup>er<\/sup> mars)\u00a0<\/li>\r\n  <li><a href=\"https:\/\/osap.gov.on.ca\/OSAPPortal\/fr\/Home\/index.htm\" target=\"_blank\">RAF\u00c9O \u2013 R\u00e9gime d\u2019aide financi\u00e8re pour les \u00e9tudiants\/es de l\u2019Ontario<\/a><\/li>\r\n  <li><a href=\"http:\/\/www.scholarshipscanada.com\/\" target=\"_blank\">Scholarships  Canada<\/a>\u00a0 (en anglais seulement)<\/li>\r\n  <li><a href=\"http:\/\/www.neads.ca\/fr\/about\/projects\/ete2\/scholarship\/\" target=\"_blank\">Prix Action-\u00e9ducation de NEADS (Association des personnes handicap\u00e9es)<\/a><\/li>\r\n  <li><a href=\"https:\/\/www.french-future.org\/fr\/programmes\/concours-de-redaction\/\" target=\"_blank\">Concours national de r\u00e9daction du fran\u00e7ais pour l\u2019avenir<\/a> \u00a0 <\/li>\r\n  <li><a href=\"http:\/\/terryfoxawards.ca\/\" target=\"_blank\">Le prix humanitaire Terry-Fox<\/a>\u00a0<\/li>\r\n  <li><a href=\"http:\/\/www.registraire.uottawa.ca\/Default.aspx?tabid=2853\" target=\"_blank\">Bourses \u2013  Universit\u00e9 d&rsquo;Ottawa<\/a>\u00a0<\/li>\r\n  <li><a href=\"http:\/\/www.infoelectronique.ca\/scholarships?_ga=1.216241366.1575778111.1408411968\" target=\"_blank\">eINFO  \u2013 Bourses disponibles pour \u00e9tudiant(e)s de premi\u00e8re ann\u00e9e universitaire<\/a> \u00a0<\/li>\r\n  <li><a href=\"https:\/\/osap.gov.on.ca\/prodconsumption\/groups\/forms\/documents\/forms\/prdr015225.pdf\" target=\"_blank\">D\u00e9terminez  si vous \u00eates admissible \u00e0 la r\u00e9duction de 30 % des frais de scolarit\u00e9 en  Ontario<\/a>\u00a0<\/li>\r\n  <li><a href=\"http:\/\/www.desjardins.com\/fr\/a_propos\/fondation-desjardins\/bourses-education\/index.jsp\" target=\"_blank\">Desjardins  \u2013 Bourses en \u00e9ducation<\/a><\/li>\r\n  <li><a href=\"https:\/\/csnpe-nslsc.cibletudes-canlearn.ca\/fra\/Pardefaut.aspx\" target=\"_blank\">Centre de  service national de pr\u00eats aux \u00e9tudiants<\/a><\/li>\r\n  <li><a href=\"http:\/\/www.canlearn.ca\/fra\/prets_bourses\/bourses\/index.shtml\" target=\"_blank\">Bourses  canadiennes<\/a> &nbsp;<\/li>\r\n  <li><a href=\"http:\/\/www.nserc-crsng.gc.ca\/Students-Etudiants\/PG-CS\/CGSM-BESCM_fra.asp\" target=\"_blank\">Programme  de bourses d\u2019\u00e9tudes sup\u00e9rieures du Canada au niveau de la ma\u00eetrise<\/a><\/li>\r\n  <li><a href=\"https:\/\/yconic.com\/\" target=\"_blank\">Yconic.ca<\/a>\u00a0\u2013 service gratuit de recherche de bourses d&rsquo;\u00e9tudes  &nbsp;<\/li>\r\n  <li><a href=\"http:\/\/www.disabilityawards.ca\/about.php?lang=FR\" target=\"_blank\">PrixAcc\u00e8s.ca<\/a>&nbsp;\u2013  prix et  bourses  d\u2019\u00e9tudes pour les \u00e9tudiants ayant une invalidit\u00e9 <\/li>\r\n  <li><a href=\"https:\/\/juno.aucc.ca\/wes\/hes.aspx?pg=974&amp;lg=2\" target=\"_blank\">Bourses d&rsquo;\u00e9tudes et stages destin\u00e9s aux  \u00e9tudiants canadiens<\/a><\/li>\r\n  <li><a href=\"https:\/\/bourses.rbc.com\/StudentsLeadingChange.aspx\" target=\"_blank\">Bourses RBC pour les \u00e9tudiants instigateurs de  changements<\/a> <\/li>\r\n  <li><a href=\"http:\/\/www.edsc.gc.ca\/fr\/aide_financiere_etudiants\/index.page?&amp;_ga=1.221224344.1612317599.1447098431\" target=\"_blank\">Aide  financi\u00e8re aux \u00e9tudiants<\/a><\/li>\r\n\r\n<\/ul>\r\n<h3 class=\"xtra-margin-gauche\"> Conseils financiers<\/h3>\r\n<ul class=\"ul-h3\">\r\n\r\n  <li><a href=\"https:\/\/osap.gov.on.ca\/AidEstimatorWeb\/enterapp\/enter.xhtml?lang=fr\" target=\"_blank\">Outil d\u2019estimation \u2013 Calculer les co\u00fbts approximatifs au coll\u00e8ge ou \u00e0 l\u2019universit\u00e9<\/a><\/li>\r\n  <li><a href=\"http:\/\/www.edu.gov.mb.ca\/m12\/frpub\/parents\/avenir-e\/docs\/sec_4.pdf\" target=\"_blank\"> Comment payer tes \u00e9tudes postsecondaires<\/a><\/li>\r\n  <li><a href=\"http:\/\/www.ontla.on.ca\/library\/repository\/mon\/4000\/10305942.pdf\" target=\"_blank\">\u00c0 l&rsquo;appui de votre choix d&rsquo;\u00e9tudes  postsecondaires<\/a><\/li>\r\n <li><a href=\"http:\/\/etudiezenligne.ca\/services-etudiants\/aide-financiere#ConseilsSurLaBudg\u00e9tisation\" target=\"_blank\">Conseils sur la budg\u00e9tisation<\/a><\/li>\r\n <li><a href=\"http:\/\/www.esdc.gc.ca\/fr\/epargne_etudes\/index.page\" target=\"_blank\">\u00c9pargne-\u00e9tudes<\/a> <\/li>\r\n <li><a href=\"http:\/\/www.etudesuniversitaires.ca\/planifier-ses-etudes\/conseils-aux-etudiants-bourses-detudes\/\" target=\"_blank\">Conseils  aux \u00e9tudiants \u2013 Bourses d&rsquo;\u00e9tudes<\/a><\/li>\r\n\r\n <li><a href=\"http:\/\/tools.canlearn.ca\/cslgs-scpse\/cln-cln\/sfae-eafe\/sfae-eafe-0-fra.do\" target=\"_blank\">Estimateur d\u2019aide financi\u00e8re aux \u00e9tudiants<\/a><\/li>\r\n <li><a href=\"https:\/\/www.canada.ca\/fr\/emploi-developpement-social\/programmes\/postsecondaire\/epargner.html\" target=\"_blank\">\u00c9pargne  t\u00f4t pour tes \u00e9tudes postsecondaires \u2013  Conseils<\/a><\/li>\r\n <li><a href=\"https:\/\/www.canada.ca\/fr\/emploi-developpement-social\/programmes\/postsecondaire\/cout.html\" target=\"_blank\">Co\u00fbt  des \u00e9tudes postsecondaires<\/a> <strong class=\"nouveaute\">nouveau<\/strong><\/li>\r\n<\/ul>\r\n<\/div>\r\n<br>","protected":false},"excerpt":{"rendered":"Si tu as maintenant une meilleure id\u00e9e de qui tu es (connaissance de soi) et d\u2019une profession ou d\u2019un m\u00e9tier que tu songes embrasser, tu dois maintenant explorer la meilleure fa\u00e7on d&rsquo;atteindre ton objectif de carri\u00e8re, c\u2019est \u00e0-dire d\u00e9terminer o\u00f9 \u00e9tudier pour acqu\u00e9rir les comp\u00e9tences et les qualifications n\u00e9cessaires.\u00a0","protected":false},"author":4,"featured_media":0,"parent":0,"menu_order":0,"comment_status":"open","ping_status":"closed","template":"","meta":{"_acf_changed":false,"footnotes":""},"class_list":["post-118","page","type-page","status-publish","hentry"],"acf":[],"yoast_head":"<!-- This site is optimized with the Yoast SEO plugin v27.5 - https:\/\/yoast.com\/product\/yoast-seo-wordpress\/ -->\n<title>La piste de formation - La boussole<\/title>\n<meta name=\"robots\" content=\"index, follow, max-snippet:-1, max-image-preview:large, max-video-preview:-1\" \/>\n<link rel=\"canonical\" href=\"https:\/\/www.lecentrefranco.ca\/la-boussole\/la-piste-de-formation\/\" \/>\n<meta property=\"og:locale\" content=\"fr_FR\" \/>\n<meta property=\"og:type\" content=\"article\" \/>\n<meta property=\"og:title\" content=\"La piste de formation - La boussole\" \/>\n<meta property=\"og:description\" content=\"Si tu as maintenant une meilleure id\u00e9e de qui tu es (connaissance de soi) et d\u2019une profession ou d\u2019un m\u00e9tier que tu songes embrasser, tu dois maintenant explorer la meilleure fa\u00e7on d&rsquo;atteindre ton objectif de carri\u00e8re, c\u2019est \u00e0-dire d\u00e9terminer o\u00f9 \u00e9tudier pour acqu\u00e9rir les comp\u00e9tences et les qualifications n\u00e9cessaires.\u00a0\" \/>\n<meta property=\"og:url\" content=\"https:\/\/www.lecentrefranco.ca\/la-boussole\/la-piste-de-formation\/\" \/>\n<meta property=\"og:site_name\" content=\"La boussole\" \/>\n<meta property=\"article:modified_time\" content=\"2018-02-15T19:56:44+00:00\" \/>\n<meta property=\"og:image\" content=\"http:\/\/www.cforp.ca\/la-boussole\/wp-content\/uploads\/sites\/4\/2019\/09\/vms-lecentrefranco-de-base.jpg\" \/>\n<meta name=\"twitter:card\" content=\"summary_large_image\" \/>\n<meta name=\"twitter:label1\" content=\"Est. reading time\" \/>\n\t<meta name=\"twitter:data1\" content=\"4 minutes\" \/>\n<script type=\"application\/ld+json\" class=\"yoast-schema-graph\">{\"@context\":\"https:\\\/\\\/schema.org\",\"@graph\":[{\"@type\":\"WebPage\",\"@id\":\"https:\\\/\\\/www.lecentrefranco.ca\\\/la-boussole\\\/la-piste-de-formation\\\/\",\"url\":\"https:\\\/\\\/www.lecentrefranco.ca\\\/la-boussole\\\/la-piste-de-formation\\\/\",\"name\":\"La piste de formation - La boussole\",\"isPartOf\":{\"@id\":\"https:\\\/\\\/www.lecentrefranco.ca\\\/la-boussole\\\/#website\"},\"datePublished\":\"2014-07-23T15:35:51+00:00\",\"dateModified\":\"2018-02-15T19:56:44+00:00\",\"breadcrumb\":{\"@id\":\"https:\\\/\\\/www.lecentrefranco.ca\\\/la-boussole\\\/la-piste-de-formation\\\/#breadcrumb\"},\"inLanguage\":\"fr-FR\",\"potentialAction\":[{\"@type\":\"ReadAction\",\"target\":[\"https:\\\/\\\/www.lecentrefranco.ca\\\/la-boussole\\\/la-piste-de-formation\\\/\"]}]},{\"@type\":\"BreadcrumbList\",\"@id\":\"https:\\\/\\\/www.lecentrefranco.ca\\\/la-boussole\\\/la-piste-de-formation\\\/#breadcrumb\",\"itemListElement\":[{\"@type\":\"ListItem\",\"position\":1,\"name\":\"Home\",\"item\":\"https:\\\/\\\/www.lecentrefranco.ca\\\/la-boussole\\\/\"},{\"@type\":\"ListItem\",\"position\":2,\"name\":\"La piste de formation\"}]},{\"@type\":\"WebSite\",\"@id\":\"https:\\\/\\\/www.lecentrefranco.ca\\\/la-boussole\\\/#website\",\"url\":\"https:\\\/\\\/www.lecentrefranco.ca\\\/la-boussole\\\/\",\"name\":\"La boussole\",\"description\":\"Un site utilisant Sites du CFORP\",\"potentialAction\":[{\"@type\":\"SearchAction\",\"target\":{\"@type\":\"EntryPoint\",\"urlTemplate\":\"https:\\\/\\\/www.lecentrefranco.ca\\\/la-boussole\\\/?s={search_term_string}\"},\"query-input\":{\"@type\":\"PropertyValueSpecification\",\"valueRequired\":true,\"valueName\":\"search_term_string\"}}],\"inLanguage\":\"fr-FR\"}]}<\/script>\n<!-- \/ Yoast SEO plugin. -->","yoast_head_json":{"title":"La piste de formation - La boussole","robots":{"index":"index","follow":"follow","max-snippet":"max-snippet:-1","max-image-preview":"max-image-preview:large","max-video-preview":"max-video-preview:-1"},"canonical":"https:\/\/www.lecentrefranco.ca\/la-boussole\/la-piste-de-formation\/","og_locale":"fr_FR","og_type":"article","og_title":"La piste de formation - La boussole","og_description":"Si tu as maintenant une meilleure id\u00e9e de qui tu es (connaissance de soi) et d\u2019une profession ou d\u2019un m\u00e9tier que tu songes embrasser, tu dois maintenant explorer la meilleure fa\u00e7on d&rsquo;atteindre ton objectif de carri\u00e8re, c\u2019est \u00e0-dire d\u00e9terminer o\u00f9 \u00e9tudier pour acqu\u00e9rir les comp\u00e9tences et les qualifications n\u00e9cessaires.\u00a0","og_url":"https:\/\/www.lecentrefranco.ca\/la-boussole\/la-piste-de-formation\/","og_site_name":"La boussole","article_modified_time":"2018-02-15T19:56:44+00:00","og_image":[{"url":"http:\/\/www.cforp.ca\/la-boussole\/wp-content\/uploads\/sites\/4\/2019\/09\/vms-lecentrefranco-de-base.jpg","type":"","width":"","height":""}],"twitter_card":"summary_large_image","twitter_misc":{"Est. reading time":"4 minutes"},"schema":{"@context":"https:\/\/schema.org","@graph":[{"@type":"WebPage","@id":"https:\/\/www.lecentrefranco.ca\/la-boussole\/la-piste-de-formation\/","url":"https:\/\/www.lecentrefranco.ca\/la-boussole\/la-piste-de-formation\/","name":"La piste de formation - La boussole","isPartOf":{"@id":"https:\/\/www.lecentrefranco.ca\/la-boussole\/#website"},"datePublished":"2014-07-23T15:35:51+00:00","dateModified":"2018-02-15T19:56:44+00:00","breadcrumb":{"@id":"https:\/\/www.lecentrefranco.ca\/la-boussole\/la-piste-de-formation\/#breadcrumb"},"inLanguage":"fr-FR","potentialAction":[{"@type":"ReadAction","target":["https:\/\/www.lecentrefranco.ca\/la-boussole\/la-piste-de-formation\/"]}]},{"@type":"BreadcrumbList","@id":"https:\/\/www.lecentrefranco.ca\/la-boussole\/la-piste-de-formation\/#breadcrumb","itemListElement":[{"@type":"ListItem","position":1,"name":"Home","item":"https:\/\/www.lecentrefranco.ca\/la-boussole\/"},{"@type":"ListItem","position":2,"name":"La piste de formation"}]},{"@type":"WebSite","@id":"https:\/\/www.lecentrefranco.ca\/la-boussole\/#website","url":"https:\/\/www.lecentrefranco.ca\/la-boussole\/","name":"La boussole","description":"Un site utilisant Sites du CFORP","potentialAction":[{"@type":"SearchAction","target":{"@type":"EntryPoint","urlTemplate":"https:\/\/www.lecentrefranco.ca\/la-boussole\/?s={search_term_string}"},"query-input":{"@type":"PropertyValueSpecification","valueRequired":true,"valueName":"search_term_string"}}],"inLanguage":"fr-FR"}]}},"_links":{"self":[{"href":"https:\/\/www.lecentrefranco.ca\/la-boussole\/wp-json\/wp\/v2\/pages\/118","targetHints":{"allow":["GET"]}}],"collection":[{"href":"https:\/\/www.lecentrefranco.ca\/la-boussole\/wp-json\/wp\/v2\/pages"}],"about":[{"href":"https:\/\/www.lecentrefranco.ca\/la-boussole\/wp-json\/wp\/v2\/types\/page"}],"author":[{"embeddable":true,"href":"https:\/\/www.lecentrefranco.ca\/la-boussole\/wp-json\/wp\/v2\/users\/4"}],"replies":[{"embeddable":true,"href":"https:\/\/www.lecentrefranco.ca\/la-boussole\/wp-json\/wp\/v2\/comments?post=118"}],"version-history":[{"count":0,"href":"https:\/\/www.lecentrefranco.ca\/la-boussole\/wp-json\/wp\/v2\/pages\/118\/revisions"}],"wp:attachment":[{"href":"https:\/\/www.lecentrefranco.ca\/la-boussole\/wp-json\/wp\/v2\/media?parent=118"}],"curies":[{"name":"wp","href":"https:\/\/api.w.org\/{rel}","templated":true}]}}